CRAN Package Check Results for Package xxIRT

Last updated on 2020-09-22 03:49:46 CEST.

Flavor Version Tinstall Tcheck Ttotal Status Flags
r-devel-linux-x86_64-debian-clang 2.1.2 10.37 70.80 81.17 OK
r-devel-linux-x86_64-debian-gcc 2.1.2 0.26 1.98 2.24 ERROR
r-devel-linux-x86_64-fedora-clang 2.1.2 123.21 OK
r-devel-linux-x86_64-fedora-gcc 2.1.2 99.12 OK
r-devel-windows-ix86+x86_64 2.1.2 22.00 78.00 100.00 OK
r-patched-linux-x86_64 2.1.2 9.86 67.62 77.48 OK
r-patched-solaris-x86 2.1.2 131.20 OK
r-release-linux-x86_64 2.1.2 9.41 67.64 77.05 OK
r-release-macos-x86_64 2.1.2 OK
r-release-windows-ix86+x86_64 2.1.2 26.00 71.00 97.00 OK
r-oldrel-macos-x86_64 2.1.2 OK
r-oldrel-windows-ix86+x86_64 2.1.2 13.00 98.00 111.00 OK

Check Details

Version: 2.1.2
Check: whether package can be installed
Result: ERROR
    Installation failed.
Flavor: r-devel-linux-x86_64-debian-gcc