CRAN Package Check Results for Package word2vec

Last updated on 2024-05-28 15:49:20 CEST.

Flavor Version Tinstall Tcheck Ttotal Status Flags
r-devel-linux-x86_64-debian-clang 0.4.0 145.04 49.68 194.72 NOTE
r-devel-linux-x86_64-debian-gcc 0.4.0 99.30 37.96 137.26 NOTE
r-devel-linux-x86_64-fedora-clang 0.4.0 300.88 NOTE
r-devel-linux-x86_64-fedora-gcc 0.4.0 293.10 NOTE
r-devel-windows-x86_64 0.4.0 109.00 79.00 188.00 NOTE
r-patched-linux-x86_64 0.4.0 109.48 48.69 158.17 NOTE
r-release-linux-x86_64 0.4.0 117.89 48.20 166.09 NOTE
r-release-macos-arm64 0.4.0 55.00 NOTE
r-release-windows-x86_64 0.4.0 110.00 82.00 192.00 NOTE
r-oldrel-macos-arm64 0.4.0 65.00 NOTE
r-oldrel-macos-x86_64 0.4.0 95.00 NOTE
r-oldrel-windows-x86_64 0.4.0 117.00 94.00 211.00 OK

Check Details

Version: 0.4.0
Check: Rd files
Result: NOTE checkRd: (-1) word2vec_similarity.Rd:30: Lost braces in \itemize; meant \describe ? checkRd: (-1) word2vec_similarity.Rd:31: Lost braces in \itemize; meant \describe ? Flavors: r-devel-linux-x86_64-debian-clang, r-devel-linux-x86_64-debian-gcc, r-devel-linux-x86_64-fedora-clang, r-devel-linux-x86_64-fedora-gcc, r-devel-windows-x86_64, r-patched-linux-x86_64, r-release-linux-x86_64, r-release-macos-arm64, r-release-windows-x86_64

Version: 0.4.0
Check: installed package size
Result: NOTE installed size is 5.2Mb sub-directories of 1Mb or more: libs 4.9Mb Flavors: r-release-macos-arm64, r-oldrel-macos-arm64, r-oldrel-macos-x86_64