CRAN Package Check Results for Package visae

Last updated on 2021-05-07 03:47:24 CEST.

Flavor Version Tinstall Tcheck Ttotal Status Flags
r-devel-linux-x86_64-debian-clang 0.1.0 6.41 60.42 66.83 NOTE
r-devel-linux-x86_64-debian-gcc 0.1.0 5.09 45.01 50.10 NOTE
r-devel-linux-x86_64-fedora-clang 0.1.0 89.76 NOTE
r-devel-linux-x86_64-fedora-gcc 0.1.0 76.54 NOTE
r-devel-windows-ix86+x86_64 0.1.0 17.00 77.00 94.00 NOTE
r-devel-windows-x86_64-gcc10-UCRT 0.1.0 NOTE
r-patched-linux-x86_64 0.1.0 6.78 56.62 63.40 NOTE
r-patched-solaris-x86 0.1.0 118.00 OK
r-release-linux-x86_64 0.1.0 5.95 56.71 62.66 OK
r-release-macos-x86_64 0.1.0 OK
r-release-windows-ix86+x86_64 0.1.0 12.00 59.00 71.00 OK
r-oldrel-macos-x86_64 0.1.0 OK
r-oldrel-windows-ix86+x86_64 0.1.0 14.00 77.00 91.00 OK

Check Details

Version: 0.1.0
Check: LazyData
Result: NOTE
     'LazyData' is specified without a 'data' directory
Flavors: r-devel-linux-x86_64-debian-clang, r-devel-linux-x86_64-debian-gcc, r-devel-linux-x86_64-fedora-clang, r-devel-linux-x86_64-fedora-gcc, r-devel-windows-ix86+x86_64, r-devel-windows-x86_64-gcc10-UCRT, r-patched-linux-x86_64