CRAN Package Check Results for Package vdar

Last updated on 2024-07-12 15:53:04 CEST.

Flavor Version Tinstall Tcheck Ttotal Status Flags
r-devel-linux-x86_64-debian-clang 0.1.3-2 2.88 32.38 35.26 OK
r-devel-linux-x86_64-debian-gcc 0.1.3-2 2.45 23.88 26.33 OK
r-devel-linux-x86_64-fedora-clang 0.1.3-2 43.81 OK
r-devel-linux-x86_64-fedora-gcc 0.1.3-2 40.97 OK
r-devel-windows-x86_64 0.1.3-2 4.00 45.00 49.00 OK
r-patched-linux-x86_64 0.1.3-2 2.99 29.79 32.78 OK
r-release-linux-x86_64 0.1.3-2 2.49 30.08 32.57 OK
r-release-macos-arm64 0.1.3-2 17.00 OK
r-release-macos-x86_64 0.1.3-2 25.00 OK
r-release-windows-x86_64 0.1.3-2 4.00 47.00 51.00 OK
r-oldrel-macos-arm64 0.1.3-2 18.00 OK
r-oldrel-macos-x86_64 0.1.3-2 24.00 NOTE
r-oldrel-windows-x86_64 0.1.3-2 5.00 49.00 54.00 OK

Check Details

Version: 0.1.3-2
Check: package dependencies
Result: NOTE Package suggested but not available for checking: ‘ggtern’ Flavor: r-oldrel-macos-x86_64