Last updated on 2023-09-27 16:03:31 CEST.
Flavor | Version | Tinstall | Tcheck | Ttotal | Status | Flags |
---|---|---|---|---|---|---|
r-devel-linux-x86_64-debian-clang | 0.3-1 | 5.72 | 56.69 | 62.41 | NOTE | |
r-devel-linux-x86_64-debian-gcc | 0.3-1 | 5.36 | 43.95 | 49.31 | NOTE | |
r-devel-linux-x86_64-fedora-clang | 0.3-1 | 77.59 | NOTE | |||
r-devel-linux-x86_64-fedora-gcc | 0.3-1 | 79.99 | NOTE | |||
r-devel-windows-x86_64 | 0.3-1 | 7.00 | 64.00 | 71.00 | NOTE | |
r-patched-linux-x86_64 | 0.3-1 | 4.75 | 54.18 | 58.93 | NOTE | |
r-release-linux-x86_64 | 0.3-1 | 4.15 | 54.70 | 58.85 | NOTE | |
r-release-macos-arm64 | 0.3-1 | 28.00 | NOTE | |||
r-release-macos-x86_64 | 0.3-1 | 39.00 | NOTE | |||
r-release-windows-x86_64 | 0.3-1 | 8.00 | 72.00 | 80.00 | NOTE | |
r-oldrel-macos-arm64 | 0.3-1 | 23.00 | NOTE | |||
r-oldrel-macos-x86_64 | 0.3-1 | 42.00 | NOTE | |||
r-oldrel-windows-x86_64 | 0.3-1 | 9.00 | 76.00 | 85.00 | NOTE |
Version: 0.3-1
Check: LazyData
Result: NOTE
'LazyData' is specified without a 'data' directory
Flavors: r-devel-linux-x86_64-debian-clang, r-devel-linux-x86_64-debian-gcc, r-devel-linux-x86_64-fedora-clang, r-devel-linux-x86_64-fedora-gcc, r-devel-windows-x86_64, r-patched-linux-x86_64, r-release-linux-x86_64, r-release-macos-arm64, r-release-macos-x86_64, r-release-windows-x86_64, r-oldrel-macos-arm64, r-oldrel-macos-x86_64, r-oldrel-windows-x86_64