Last updated on 2023-12-04 14:53:55 CET.
Flavor | Version | Tinstall | Tcheck | Ttotal | Status | Flags |
---|---|---|---|---|---|---|
r-devel-linux-x86_64-debian-clang | 1.5.5 | 5.20 | 38.43 | 43.63 | WARN | |
r-devel-linux-x86_64-debian-gcc | 1.5.5 | 3.99 | 30.13 | 34.12 | OK | |
r-devel-linux-x86_64-fedora-clang | 1.5.5 | 52.08 | WARN | |||
r-devel-linux-x86_64-fedora-gcc | 1.5.5 | 50.26 | OK | |||
r-patched-linux-x86_64 | 1.5.5 | 4.86 | 38.04 | 42.90 | OK | |
r-release-linux-x86_64 | 1.5.5 | 4.65 | 36.79 | 41.44 | OK | |
r-release-macos-arm64 | 1.5.5 | 29.00 | OK | |||
r-release-macos-x86_64 | 1.5.5 | 37.00 | OK | |||
r-oldrel-macos-arm64 | 1.5.5 | 28.00 | OK | |||
r-oldrel-macos-x86_64 | 1.5.5 | 35.00 | OK |
Version: 1.5.5
Check: whether package can be installed
Result: WARN
Found the following significant warnings:
fork.c:343:32: warning: format string is not a string literal (potentially insecure) [-Wformat-security]
See ‘/home/hornik/tmp/R.check/r-devel-clang/Work/PKGS/unix.Rcheck/00install.out’ for details.
* used C compiler: ‘Debian clang version 17.0.5 (1)’
Flavor: r-devel-linux-x86_64-debian-clang
Version: 1.5.5
Check: whether package can be installed
Result: WARN
Found the following significant warnings:
fork.c:343:32: warning: format string is not a string literal (potentially insecure) [-Wformat-security]
See ‘/data/gannet/ripley/R/packages/tests-clang/unix.Rcheck/00install.out’ for details.
* used C compiler: ‘clang version 17.0.5’
Flavor: r-devel-linux-x86_64-fedora-clang