CRAN Package Check Results for Package ucminf

Last updated on 2020-10-22 03:47:19 CEST.

Flavor Version Tinstall Tcheck Ttotal Status Flags
r-devel-linux-x86_64-debian-clang 1.1-4 2.77 21.74 24.51 OK
r-devel-linux-x86_64-debian-gcc 1.1-4 2.25 17.36 19.61 OK
r-devel-linux-x86_64-fedora-clang 1.1-4 38.91 NOTE
r-devel-linux-x86_64-fedora-gcc 1.1-4 29.56 NOTE
r-devel-windows-ix86+x86_64 1.1-4 8.00 42.00 50.00 OK
r-patched-linux-x86_64 1.1-4 2.79 21.00 23.79 OK
r-patched-solaris-x86 1.1-4 41.20 OK
r-release-linux-x86_64 1.1-4 2.32 21.16 23.48 OK
r-release-macos-x86_64 1.1-4 OK
r-release-windows-ix86+x86_64 1.1-4 257.00 38.00 295.00 OK
r-oldrel-macos-x86_64 1.1-4 OK
r-oldrel-windows-ix86+x86_64 1.1-4 14.00 46.00 60.00 OK

Check Details

Version: 1.1-4
Check: compiled code
Result: NOTE
    File ‘ucminf/libs/ucminf.so’:
     Found no calls to: ‘R_registerRoutines’, ‘R_useDynamicSymbols’
    
    It is good practice to register native routines and to disable symbol
    search.
    
    See ‘Writing portable packages’ in the ‘Writing R Extensions’ manual.
Flavors: r-devel-linux-x86_64-fedora-clang, r-devel-linux-x86_64-fedora-gcc