CRAN Package Check Results for Package transx

Last updated on 2021-05-07 03:47:23 CEST.

Flavor Version Tinstall Tcheck Ttotal Status Flags
r-devel-linux-x86_64-debian-clang 0.0.1 3.25 52.82 56.07 NOTE
r-devel-linux-x86_64-debian-gcc 0.0.1 2.51 39.99 42.50 NOTE
r-devel-linux-x86_64-fedora-clang 0.0.1 76.44 NOTE
r-devel-linux-x86_64-fedora-gcc 0.0.1 66.62 NOTE
r-devel-windows-ix86+x86_64 0.0.1 7.00 73.00 80.00 NOTE
r-devel-windows-x86_64-gcc10-UCRT 0.0.1 NOTE
r-patched-linux-x86_64 0.0.1 3.78 50.79 54.57 NOTE
r-patched-solaris-x86 0.0.1 119.70 OK
r-release-linux-x86_64 0.0.1 3.31 50.44 53.75 OK
r-release-macos-x86_64 0.0.1 OK
r-release-windows-ix86+x86_64 0.0.1 6.00 54.00 60.00 OK
r-oldrel-macos-x86_64 0.0.1 OK
r-oldrel-windows-ix86+x86_64 0.0.1 6.00 71.00 77.00 OK

Check Details

Version: 0.0.1
Check: LazyData
Result: NOTE
     'LazyData' is specified without a 'data' directory
Flavors: r-devel-linux-x86_64-debian-clang, r-devel-linux-x86_64-debian-gcc, r-devel-linux-x86_64-fedora-clang, r-devel-linux-x86_64-fedora-gcc, r-devel-windows-ix86+x86_64, r-devel-windows-x86_64-gcc10-UCRT, r-patched-linux-x86_64