Last updated on 2023-09-26 15:13:09 CEST.
Flavor | Version | Tinstall | Tcheck | Ttotal | Status | Flags |
---|---|---|---|---|---|---|
r-devel-linux-x86_64-debian-clang | 0.1.1 | 12.44 | 113.84 | 126.28 | OK | |
r-devel-linux-x86_64-debian-gcc | 0.1.1 | 9.33 | 80.64 | 89.97 | OK | |
r-devel-linux-x86_64-fedora-clang | 0.1.1 | 144.16 | NOTE | |||
r-devel-linux-x86_64-fedora-gcc | 0.1.1 | 156.75 | NOTE | |||
r-devel-windows-x86_64 | 0.1.1 | 14.00 | 97.00 | 111.00 | OK | |
r-patched-linux-x86_64 | 0.1.1 | 14.42 | 103.13 | 117.55 | OK | |
r-release-linux-x86_64 | 0.1.1 | 7.21 | 104.02 | 111.23 | OK | |
r-release-macos-arm64 | 0.1.1 | 48.00 | OK | |||
r-release-macos-x86_64 | 0.1.1 | 76.00 | OK | |||
r-release-windows-x86_64 | 0.1.1 | 15.00 | 109.00 | 124.00 | OK | |
r-oldrel-macos-arm64 | 0.1.1 | 47.00 | NOTE | |||
r-oldrel-macos-x86_64 | 0.1.1 | 72.00 | NOTE | |||
r-oldrel-windows-x86_64 | 0.1.1 | 16.00 | 109.00 | 125.00 | OK |
Version: 0.1.1
Check: dependencies in R code
Result: NOTE
Namespaces in Imports field not imported from:
‘ggplot2’ ‘jpeg’ ‘pastecs’ ‘plyr’ ‘raster’
All declared Imports should be used.
Flavors: r-devel-linux-x86_64-fedora-clang, r-devel-linux-x86_64-fedora-gcc, r-oldrel-macos-arm64, r-oldrel-macos-x86_64