Last updated on 2021-04-21 03:49:18 CEST.
Flavor | Version | Tinstall | Tcheck | Ttotal | Status | Flags |
---|---|---|---|---|---|---|
r-devel-linux-x86_64-debian-clang | 2.6.1 | 21.67 | 345.78 | 367.45 | OK | |
r-devel-linux-x86_64-debian-gcc | 2.6.1 | 16.40 | 250.41 | 266.81 | OK | |
r-devel-linux-x86_64-fedora-clang | 2.6.1 | 328.85 | NOTE | |||
r-devel-linux-x86_64-fedora-gcc | 2.6.1 | 431.35 | NOTE | |||
r-devel-windows-ix86+x86_64 | 2.6.1 | 32.00 | 310.00 | 342.00 | OK | |
r-devel-windows-x86_64-gcc10-UCRT | 2.6.1 | NOTE | ||||
r-patched-linux-x86_64 | 2.6.1 | 33.38 | 321.38 | 354.76 | OK | |
r-patched-solaris-x86 | 2.6.1 | 535.70 | NOTE | |||
r-release-linux-x86_64 | 2.6.1 | 21.41 | 320.14 | 341.55 | OK | |
r-release-macos-x86_64 | 2.6.1 | NOTE | ||||
r-release-windows-ix86+x86_64 | 2.6.1 | 45.00 | 340.00 | 385.00 | OK | |
r-oldrel-macos-x86_64 | 2.6.1 | NOTE | ||||
r-oldrel-windows-ix86+x86_64 | 2.6.1 | 43.00 | 396.00 | 439.00 | OK |
Version: 2.6.1
Check: package dependencies
Result: NOTE
Imports includes 25 non-default packages.
Importing from so many packages makes the package vulnerable to any of
them becoming unavailable. Move as many as possible to Suggests and
use conditionally.
Flavor: r-devel-linux-x86_64-fedora-clang
Version: 2.6.1
Check: dependencies in R code
Result: NOTE
Namespace in Imports field not imported from: ‘generics’
All declared Imports should be used.
Flavors: r-devel-linux-x86_64-fedora-clang, r-devel-linux-x86_64-fedora-gcc, r-devel-windows-x86_64-gcc10-UCRT, r-patched-solaris-x86, r-release-macos-x86_64, r-oldrel-macos-x86_64
Version: 2.6.1
Check: data for non-ASCII characters
Result: NOTE
Note: found 2750 marked UTF-8 strings
Flavors: r-devel-linux-x86_64-fedora-clang, r-devel-linux-x86_64-fedora-gcc, r-devel-windows-x86_64-gcc10-UCRT, r-patched-solaris-x86, r-release-macos-x86_64, r-oldrel-macos-x86_64
Version: 2.6.1
Check: installed package size
Result: NOTE
installed size is 5.1Mb
sub-directories of 1Mb or more:
doc 2.4Mb
help 1.7Mb
Flavor: r-patched-solaris-x86