CRAN Package Check Results for Package tidyLPA

Last updated on 2020-10-22 03:47:18 CEST.

Flavor Version Tinstall Tcheck Ttotal Status Flags
r-devel-linux-x86_64-debian-clang 1.0.8 9.91 129.37 139.28 OK
r-devel-linux-x86_64-debian-gcc 1.0.8 8.47 92.58 101.05 OK
r-devel-linux-x86_64-fedora-clang 1.0.8 168.42 NOTE
r-devel-linux-x86_64-fedora-gcc 1.0.8 158.41 NOTE
r-devel-windows-ix86+x86_64 1.0.8 21.00 161.00 182.00 OK
r-patched-linux-x86_64 1.0.8 9.20 119.31 128.51 OK
r-patched-solaris-x86 1.0.8 228.90 NOTE
r-release-linux-x86_64 1.0.8 10.03 119.04 129.07 OK
r-release-macos-x86_64 1.0.8 NOTE
r-release-windows-ix86+x86_64 1.0.8 26.00 130.00 156.00 OK
r-oldrel-macos-x86_64 1.0.8 NOTE
r-oldrel-windows-ix86+x86_64 1.0.8 19.00 169.00 188.00 OK

Check Details

Version: 1.0.8
Check: dependencies in R code
Result: NOTE
    Namespace in Imports field not imported from: ‘mix’
     All declared Imports should be used.
Flavors: r-devel-linux-x86_64-fedora-clang, r-devel-linux-x86_64-fedora-gcc, r-patched-solaris-x86, r-release-macos-x86_64, r-oldrel-macos-x86_64