CRAN Package Check Results for Package textfeatures

Last updated on 2021-05-07 03:47:23 CEST.

Flavor Version Tinstall Tcheck Ttotal Status Flags
r-devel-linux-x86_64-debian-clang 0.3.3 10.36 47.06 57.42 NOTE
r-devel-linux-x86_64-debian-gcc 0.3.3 10.61 36.01 46.62 NOTE
r-devel-linux-x86_64-fedora-clang 0.3.3 82.39 NOTE
r-devel-linux-x86_64-fedora-gcc 0.3.3 71.15 NOTE
r-devel-windows-ix86+x86_64 0.3.3 36.00 63.00 99.00 NOTE
r-devel-windows-x86_64-gcc10-UCRT 0.3.3 NOTE
r-patched-linux-x86_64 0.3.3 11.83 44.32 56.15 NOTE
r-patched-solaris-x86 0.3.3 122.80 OK
r-release-linux-x86_64 0.3.3 11.43 43.38 54.81 OK
r-release-macos-x86_64 0.3.3 OK
r-release-windows-ix86+x86_64 0.3.3 18.00 49.00 67.00 OK
r-oldrel-macos-x86_64 0.3.3 OK
r-oldrel-windows-ix86+x86_64 0.3.3 22.00 59.00 81.00 OK

Check Details

Version: 0.3.3
Check: LazyData
Result: NOTE
     'LazyData' is specified without a 'data' directory
Flavors: r-devel-linux-x86_64-debian-clang, r-devel-linux-x86_64-debian-gcc, r-devel-linux-x86_64-fedora-clang, r-devel-linux-x86_64-fedora-gcc, r-devel-windows-ix86+x86_64, r-devel-windows-x86_64-gcc10-UCRT, r-patched-linux-x86_64