CRAN Package Check Results for Package tactile

Last updated on 2021-04-21 03:49:17 CEST.

Flavor Version Tinstall Tcheck Ttotal Status Flags
r-devel-linux-x86_64-debian-clang 0.2.0 5.05 61.85 66.90 OK
r-devel-linux-x86_64-debian-gcc 0.2.0 3.77 47.11 50.88 OK
r-devel-linux-x86_64-fedora-clang 0.2.0 86.70 OK
r-devel-linux-x86_64-fedora-gcc 0.2.0 79.69 OK
r-devel-windows-ix86+x86_64 0.2.0 10.00 63.00 73.00 OK
r-devel-windows-x86_64-gcc10-UCRT 0.2.0 OK
r-patched-linux-x86_64 0.2.0 4.85 58.29 63.14 WARN
r-patched-solaris-x86 0.2.0 108.20 OK
r-release-linux-x86_64 0.2.0 4.76 57.17 61.93 OK
r-release-macos-x86_64 0.2.0 OK
r-release-windows-ix86+x86_64 0.2.0 9.00 64.00 73.00 OK
r-oldrel-macos-x86_64 0.2.0 OK
r-oldrel-windows-ix86+x86_64 0.2.0 6.00 80.00 86.00 OK

Check Details

Version: 0.2.0
Check: whether package can be installed
Result: WARN
    Found the following significant warnings:
     Rd warning: /tmp/RtmpZUMy5l/R.INSTALL76915a22694f/tactile/man/bwplot2.Rd:48: file link ‘bwplot’ in package ‘lattice’ does not exist and so has been treated as a topic
     Rd warning: /tmp/RtmpZUMy5l/R.INSTALL76915a22694f/tactile/man/bwplot2.Rd:20: file link ‘bwplot’ in package ‘lattice’ does not exist and so has been treated as a topic
     Rd warning: /tmp/RtmpZUMy5l/R.INSTALL76915a22694f/tactile/man/bwplot2.Rd:22: file link ‘bwplot’ in package ‘lattice’ does not exist and so has been treated as a topic
     Rd warning: /tmp/RtmpZUMy5l/R.INSTALL76915a22694f/tactile/man/bwplot2.Rd:24: file link ‘bwplot’ in package ‘lattice’ does not exist and so has been treated as a topic
     Rd warning: /tmp/RtmpZUMy5l/R.INSTALL76915a22694f/tactile/man/bwplot2.Rd:26: file link ‘bwplot’ in package ‘lattice’ does not exist and so has been treated as a topic
     Rd warning: /tmp/RtmpZUMy5l/R.INSTALL76915a22694f/tactile/man/bwplot2.Rd:28: file link ‘bwplot’ in package ‘lattice’ does not exist and so has been treated as a topic
     Rd warning: /tmp/RtmpZUMy5l/R.INSTALL76915a22694f/tactile/man/bwplot2.Rd:30: file link ‘bwplot’ in package ‘lattice’ does not exist and so has been treated as a topic
     Rd warning: /tmp/RtmpZUMy5l/R.INSTALL76915a22694f/tactile/man/bwplot2.Rd:32: file link ‘bwplot’ in package ‘lattice’ does not exist and so has been treated as a topic
     Rd warning: /tmp/RtmpZUMy5l/R.INSTALL76915a22694f/tactile/man/bwplot2.Rd:34: file link ‘bwplot’ in package ‘lattice’ does not exist and so has been treated as a topic
     Rd warning: /tmp/RtmpZUMy5l/R.INSTALL76915a22694f/tactile/man/bwplot2.Rd:36: file link ‘bwplot’ in package ‘lattice’ does not exist and so has been treated as a topic
     Rd warning: /tmp/RtmpZUMy5l/R.INSTALL76915a22694f/tactile/man/bwplot2.Rd:38: file link ‘bwplot’ in package ‘lattice’ does not exist and so has been treated as a topic
     Rd warning: /tmp/RtmpZUMy5l/R.INSTALL76915a22694f/tactile/man/diag.panel.splom.density.Rd:57: file link ‘diag.panel.splom’ in package ‘lattice’ does not exist and so has been treated as a topic
     Rd warning: /tmp/RtmpZUMy5l/R.INSTALL76915a22694f/tactile/man/diag.panel.splom.density.Rd:58: file link ‘panel.lines’ in package ‘lattice’ does not exist and so has been treated as a topic
     Rd warning: /tmp/RtmpZUMy5l/R.INSTALL76915a22694f/tactile/man/diag.panel.splom.density.Rd:71: file link ‘diag.panel.splom’ in package ‘lattice’ does not exist and so has been treated as a topic
     Rd warning: /tmp/RtmpZUMy5l/R.INSTALL76915a22694f/tactile/man/dont_plot.Rd:10: file link ‘plot’ in package ‘graphics’ does not exist and so has been treated as a topic
     Rd warning: /tmp/RtmpZUMy5l/R.INSTALL76915a22694f/tactile/man/panel.qqmathci.Rd:47: file link ‘panel.polygon’ in package ‘lattice’ does not exist and so has been treated as a topic
     Rd warning: /tmp/RtmpZUMy5l/R.INSTALL76915a22694f/tactile/man/panel.ternaryplot.density.Rd:33: file link ‘panel.lines’ in package ‘lattice’ does not exist and so has been treated as a topic
     Rd warning: /tmp/RtmpZUMy5l/R.INSTALL76915a22694f/tactile/man/panel.ternaryplot.density.Rd:34: file link ‘panel.polygon’ in package ‘lattice’ does not exist and so has been treated as a topic
     Rd warning: /tmp/RtmpZUMy5l/R.INSTALL76915a22694f/tactile/man/panel.ternaryplot.density.Rd:34: file link ‘panel.text’ in package ‘lattice’ does not exist and so has been treated as a topic
     Rd warning: /tmp/RtmpZUMy5l/R.INSTALL76915a22694f/tactile/man/panel.ternaryplot.response.Rd:32: file link ‘panel.lines’ in package ‘lattice’ does not exist and so has been treated as a topic
     Rd warning: /tmp/RtmpZUMy5l/R.INSTALL76915a22694f/tactile/man/panel.ternaryplot.response.Rd:33: file link ‘panel.polygon’ in package ‘lattice’ does not exist and so has been treated as a topic
     Rd warning: /tmp/RtmpZUMy5l/R.INSTALL76915a22694f/tactile/man/panel.ternaryplot.response.Rd:33: file link ‘panel.text’ in package ‘lattice’ does not exist and so has been treated as a topic
     Rd warning: /tmp/RtmpZUMy5l/R.INSTALL76915a22694f/tactile/man/seq_pal.Rd:12: file link ‘colorRampPalette’ in package ‘grDevices’ does not exist and so has been treated as a topic
     Rd warning: /tmp/RtmpZUMy5l/R.INSTALL76915a22694f/tactile/man/xyplot.Arima.Rd:31: file link ‘grid.arrange’ in package ‘gridExtra’ does not exist and so has been treated as a topic
     Rd warning: /tmp/RtmpZUMy5l/R.INSTALL76915a22694f/tactile/man/xyplot.Arima.Rd:50: file link ‘grid.arrange’ in package ‘gridExtra’ does not exist and so has been treated as a topic
     Rd warning: /tmp/RtmpZUMy5l/R.INSTALL76915a22694f/tactile/man/xyplot.Arima.Rd:50: file link ‘Box.test’ in package ‘stats’ does not exist and so has been treated as a topic
     Rd warning: /tmp/RtmpZUMy5l/R.INSTALL76915a22694f/tactile/man/xyplot.lm.Rd:37: file link ‘grid.arrange’ in package ‘gridExtra’ does not exist and so has been treated as a topic
Flavor: r-patched-linux-x86_64