Last updated on 2023-12-04 14:53:53 CET.
Flavor | Version | Tinstall | Tcheck | Ttotal | Status | Flags |
---|---|---|---|---|---|---|
r-devel-linux-x86_64-debian-clang | 2.0.1 | 19.53 | 273.46 | 292.99 | NOTE | |
r-devel-linux-x86_64-debian-gcc | 2.0.1 | 14.56 | 204.18 | 218.74 | NOTE | |
r-devel-linux-x86_64-fedora-clang | 2.0.1 | 356.91 | NOTE | |||
r-devel-linux-x86_64-fedora-gcc | 2.0.1 | 356.39 | NOTE | |||
r-devel-windows-x86_64 | 2.0.1 | 18.00 | 192.00 | 210.00 | NOTE | |
r-patched-linux-x86_64 | 2.0.1 | 13.43 | 252.03 | 265.46 | NOTE | |
r-release-linux-x86_64 | 2.0.1 | 14.28 | 259.62 | 273.90 | NOTE | |
r-release-macos-arm64 | 2.0.1 | 99.00 | NOTE | |||
r-release-macos-x86_64 | 2.0.1 | 152.00 | NOTE | |||
r-release-windows-x86_64 | 2.0.1 | 23.00 | 245.00 | 268.00 | NOTE | |
r-oldrel-macos-arm64 | 2.0.1 | 69.00 | NOTE | |||
r-oldrel-macos-x86_64 | 2.0.1 | 122.00 | NOTE | |||
r-oldrel-windows-x86_64 | 2.0.1 | 23.00 | 260.00 | 283.00 | NOTE |
Version: 2.0.1
Check: package dependencies
Result: NOTE
Packages suggested but not available for checking:
'survHEinla', 'survHEhmc', 'INLA'
Flavors: r-devel-linux-x86_64-debian-clang, r-devel-linux-x86_64-debian-gcc, r-devel-windows-x86_64, r-patched-linux-x86_64, r-release-linux-x86_64, r-release-macos-arm64, r-release-windows-x86_64, r-oldrel-macos-arm64, r-oldrel-macos-x86_64, r-oldrel-windows-x86_64
Version: 2.0.1
Check: package dependencies
Result: NOTE
Packages suggested but not available for checking:
'survHEinla', 'survHEhmc'
Flavors: r-devel-linux-x86_64-fedora-clang, r-devel-linux-x86_64-fedora-gcc
Version: 2.0.1
Check: package dependencies
Result: NOTE
Packages suggested but not available for checking:
'survHEinla', 'survHEhmc', 'INLA', 'rstan'
Flavor: r-release-macos-x86_64