CRAN Package Check Results for Package subniche

Last updated on 2021-02-26 02:49:44 CET.

Flavor Version Tinstall Tcheck Ttotal Status Flags
r-devel-linux-x86_64-debian-clang 1.3 13.97 92.02 105.99 OK
r-devel-linux-x86_64-debian-gcc 1.3 9.44 70.53 79.97 OK
r-devel-linux-x86_64-fedora-clang 1.3 143.23 OK
r-devel-linux-x86_64-fedora-gcc 1.3 121.18 OK
r-devel-windows-ix86+x86_64 1.3 19.00 93.00 112.00 OK
r-patched-linux-x86_64 1.3 11.66 84.34 96.00 OK
r-patched-solaris-x86 1.3 177.70 OK
r-release-linux-x86_64 1.3 11.66 84.79 96.45 OK
r-release-macos-x86_64 1.3 OK
r-release-windows-ix86+x86_64 1.3 27.00 10.00 37.00 ERROR
r-oldrel-macos-x86_64 1.3 OK
r-oldrel-windows-ix86+x86_64 1.3 15.00 106.00 121.00 OK

Check Details

Version: 1.3
Check: whether package can be installed
Result: ERROR
    Installation failed.
    See 'd:/Rcompile/CRANpkg/local/4.0/subniche.Rcheck/00install.out'* DONE
Flavor: r-release-windows-ix86+x86_64