CRAN Package Check Results for Package strucchange

Last updated on 2020-10-19 03:48:07 CEST.

Flavor Version Tinstall Tcheck Ttotal Status Flags
r-devel-linux-x86_64-debian-clang 1.5-2 9.77 102.72 112.49 NOTE
r-devel-linux-x86_64-debian-gcc 1.5-2 8.13 75.28 83.41 NOTE
r-devel-linux-x86_64-fedora-clang 1.5-2 138.65 NOTE
r-devel-linux-x86_64-fedora-gcc 1.5-2 122.92 NOTE
r-devel-windows-ix86+x86_64 1.5-2 15.00 118.00 133.00 NOTE
r-patched-linux-x86_64 1.5-2 8.95 95.77 104.72 NOTE
r-patched-solaris-x86 1.5-2 168.60 NOTE
r-release-linux-x86_64 1.5-2 10.92 95.91 106.83 NOTE
r-release-macos-x86_64 1.5-2 NOTE
r-release-windows-ix86+x86_64 1.5-2 16.00 126.00 142.00 NOTE
r-oldrel-macos-x86_64 1.5-2 NOTE
r-oldrel-windows-ix86+x86_64 1.5-2 13.00 166.00 179.00 NOTE

Additional issues

rchk

Check Details

Version: 1.5-2
Check: R code for possible problems
Result: NOTE
    efpFunctional: multiple local function definitions for 'plotProcess'
     with different formal arguments
    mefp.efp: multiple local function definitions for 'computeEmpProc' with
     different formal arguments
Flavors: r-devel-linux-x86_64-debian-clang, r-devel-linux-x86_64-debian-gcc, r-devel-linux-x86_64-fedora-clang, r-devel-linux-x86_64-fedora-gcc, r-devel-windows-ix86+x86_64, r-patched-linux-x86_64, r-patched-solaris-x86, r-release-linux-x86_64, r-release-macos-x86_64, r-release-windows-ix86+x86_64, r-oldrel-macos-x86_64, r-oldrel-windows-ix86+x86_64