CRAN Package Check Results for Package storr

Last updated on 2021-05-07 03:47:22 CEST.

Flavor Version Tinstall Tcheck Ttotal Status Flags
r-devel-linux-x86_64-debian-clang 1.2.5 7.69 54.59 62.28 NOTE
r-devel-linux-x86_64-debian-gcc 1.2.5 7.09 40.29 47.38 NOTE
r-devel-linux-x86_64-fedora-clang 1.2.5 85.19 NOTE
r-devel-linux-x86_64-fedora-gcc 1.2.5 75.13 NOTE
r-devel-windows-ix86+x86_64 1.2.5 14.00 108.00 122.00 NOTE
r-devel-windows-x86_64-gcc10-UCRT 1.2.5 NOTE
r-patched-linux-x86_64 1.2.5 8.37 51.37 59.74 NOTE
r-patched-solaris-x86 1.2.5 99.20 OK
r-release-linux-x86_64 1.2.5 7.51 50.78 58.29 OK
r-release-macos-x86_64 1.2.5 OK
r-release-windows-ix86+x86_64 1.2.5 14.00 80.00 94.00 OK
r-oldrel-macos-x86_64 1.2.5 OK
r-oldrel-windows-ix86+x86_64 1.2.5 15.00 99.00 114.00 OK

Check Details

Version: 1.2.5
Check: LazyData
Result: NOTE
     'LazyData' is specified without a 'data' directory
Flavors: r-devel-linux-x86_64-debian-clang, r-devel-linux-x86_64-debian-gcc, r-devel-linux-x86_64-fedora-clang, r-devel-linux-x86_64-fedora-gcc, r-devel-windows-ix86+x86_64, r-devel-windows-x86_64-gcc10-UCRT, r-patched-linux-x86_64