CRAN Package Check Results for Package statnipokladna

Last updated on 2021-05-07 03:47:22 CEST.

Flavor Version Tinstall Tcheck Ttotal Status Flags
r-devel-linux-x86_64-debian-clang 0.6.0 4.46 44.10 48.56 OK
r-devel-linux-x86_64-debian-gcc 0.6.0 3.51 33.61 37.12 OK
r-devel-linux-x86_64-fedora-clang 0.6.0 67.79 NOTE
r-devel-linux-x86_64-fedora-gcc 0.6.0 57.32 NOTE
r-devel-windows-ix86+x86_64 0.6.0 11.00 61.00 72.00 OK
r-devel-windows-x86_64-gcc10-UCRT 0.6.0 NOTE
r-patched-linux-x86_64 0.6.0 4.98 41.97 46.95 OK
r-patched-solaris-x86 0.6.0 85.80 NOTE
r-release-linux-x86_64 0.6.0 4.07 41.63 45.70 OK
r-release-macos-x86_64 0.6.0 NOTE
r-release-windows-ix86+x86_64 0.6.0 7.00 45.00 52.00 OK
r-oldrel-macos-x86_64 0.6.0 NOTE
r-oldrel-windows-ix86+x86_64 0.6.0 8.00 58.00 66.00 OK

Check Details

Version: 0.6.0
Check: data for non-ASCII characters
Result: NOTE
     Note: found 49 marked UTF-8 strings
Flavors: r-devel-linux-x86_64-fedora-clang, r-devel-linux-x86_64-fedora-gcc, r-devel-windows-x86_64-gcc10-UCRT, r-patched-solaris-x86, r-release-macos-x86_64, r-oldrel-macos-x86_64