CRAN Package Check Results for Package smartdata

Last updated on 2020-10-26 02:47:04 CET.

Flavor Version Tinstall Tcheck Ttotal Status Flags
r-devel-linux-x86_64-debian-clang 1.0.3 7.34 246.04 253.38 OK
r-devel-linux-x86_64-debian-gcc 1.0.3 5.53 172.38 177.91 OK
r-devel-linux-x86_64-fedora-clang 1.0.3 302.23 NOTE
r-devel-linux-x86_64-fedora-gcc 1.0.3 292.01 NOTE
r-devel-windows-ix86+x86_64 1.0.3 19.00 270.00 289.00 OK
r-patched-linux-x86_64 1.0.3 7.61 223.34 230.95 OK
r-release-linux-x86_64 1.0.3 6.75 224.90 231.65 OK
r-release-macos-x86_64 1.0.3 NOTE
r-release-windows-ix86+x86_64 1.0.3 15.00 200.00 215.00 OK
r-oldrel-macos-x86_64 1.0.3 NOTE
r-oldrel-windows-ix86+x86_64 1.0.3 15.00 204.00 219.00 OK

Check Details

Version: 1.0.3
Check: package dependencies
Result: NOTE
    Imports includes 23 non-default packages.
    Importing from so many packages makes the package vulnerable to any of
    them becoming unavailable. Move as many as possible to Suggests and
    use conditionally.
Flavor: r-devel-linux-x86_64-fedora-clang

Version: 1.0.3
Check: dependencies in R code
Result: NOTE
    Namespaces in Imports field not imported from:
     ‘Amelia’ ‘Boruta’ ‘DMwR’ ‘MVN’ ‘NoiseFiltersR’ ‘VIM’ ‘adaptiveGPCA’
     ‘class’ ‘clusterSim’ ‘denoiseR’ ‘discretization’ ‘imbalance’ ‘lle’
     ‘missForest’ ‘missMDA’ ‘outliers’ ‘unbalanced’
     All declared Imports should be used.
Flavors: r-devel-linux-x86_64-fedora-clang, r-devel-linux-x86_64-fedora-gcc, r-release-macos-x86_64, r-oldrel-macos-x86_64