CRAN Package Check Results for Package sizeMat

Last updated on 2020-10-25 02:48:21 CET.

Flavor Version Tinstall Tcheck Ttotal Status Flags
r-devel-linux-x86_64-debian-clang 1.1.2 9.21 111.56 120.77 OK
r-devel-linux-x86_64-debian-gcc 1.1.2 7.53 84.67 92.20 OK
r-devel-linux-x86_64-fedora-clang 1.1.2 153.06 OK
r-devel-linux-x86_64-fedora-gcc 1.1.2 145.71 OK
r-devel-windows-ix86+x86_64 1.1.2 20.00 136.00 156.00 OK
r-patched-linux-x86_64 1.1.2 9.18 104.63 113.81 OK
r-patched-solaris-x86 1.1.2 208.40 OK
r-release-linux-x86_64 1.1.2 7.79 103.30 111.09 OK
r-release-macos-x86_64 1.1.2 OK
r-release-windows-ix86+x86_64 1.1.2 14.00 103.00 117.00 OK
r-oldrel-macos-x86_64 1.1.2 NOTE
r-oldrel-windows-ix86+x86_64 1.1.2 17.00 101.00 118.00 NOTE

Check Details

Version: 1.1.2
Check: R code for possible problems
Result: NOTE
    plot.classify: no visible global function definition for ‘plot’
    plot.gonadMat: no visible global function definition for ‘plot’
    plot.morphMat: no visible global function definition for ‘plot’
    Undefined global functions or variables:
     plot
    Consider adding
     importFrom("graphics", "plot")
    to your NAMESPACE file.
Flavors: r-oldrel-macos-x86_64, r-oldrel-windows-ix86+x86_64