CRAN Package Check Results for Package simstudy

Last updated on 2021-04-21 03:49:15 CEST.

Flavor Version Tinstall Tcheck Ttotal Status Flags
r-devel-linux-x86_64-debian-clang 0.2.1 24.22 154.72 178.94 NOTE
r-devel-linux-x86_64-debian-gcc 0.2.1 17.67 110.07 127.74 NOTE
r-devel-linux-x86_64-fedora-clang 0.2.1 215.20 NOTE
r-devel-linux-x86_64-fedora-gcc 0.2.1 199.93 NOTE
r-devel-windows-ix86+x86_64 0.2.1 56.00 164.00 220.00 NOTE
r-devel-windows-x86_64-gcc10-UCRT 0.2.1 NOTE
r-patched-linux-x86_64 0.2.1 22.61 136.96 159.57 OK
r-patched-solaris-x86 0.2.1 244.10 OK
r-release-linux-x86_64 0.2.1 21.10 137.23 158.33 OK
r-release-macos-x86_64 0.2.1 OK
r-release-windows-ix86+x86_64 0.2.1 55.00 185.00 240.00 OK
r-oldrel-macos-x86_64 0.2.1 OK
r-oldrel-windows-ix86+x86_64 0.2.1 42.00 216.00 258.00 OK

Check Details

Version: 0.2.1
Check: LazyData
Result: NOTE
     'LazyData' is specified without a 'data' directory
Flavors: r-devel-linux-x86_64-debian-clang, r-devel-linux-x86_64-debian-gcc, r-devel-linux-x86_64-fedora-clang, r-devel-linux-x86_64-fedora-gcc, r-devel-windows-ix86+x86_64, r-devel-windows-x86_64-gcc10-UCRT