CRAN Package Check Results for Package sensitivity

Last updated on 2021-04-21 03:49:15 CEST.

Flavor Version Tinstall Tcheck Ttotal Status Flags
r-devel-linux-x86_64-debian-clang 1.25.0 126.73 160.27 287.00 OK
r-devel-linux-x86_64-debian-gcc 1.25.0 82.81 119.47 202.28 OK
r-devel-linux-x86_64-fedora-clang 1.25.0 402.38 NOTE
r-devel-linux-x86_64-fedora-gcc 1.25.0 346.12 OK
r-devel-windows-ix86+x86_64 1.25.0 218.00 181.00 399.00 OK
r-devel-windows-x86_64-gcc10-UCRT 1.25.0 NOTE
r-patched-linux-x86_64 1.25.0 99.18 143.74 242.92 OK
r-patched-solaris-x86 1.25.0 383.20 OK
r-release-linux-x86_64 1.25.0 96.94 143.84 240.78 OK
r-release-macos-x86_64 1.25.0 OK
r-release-windows-ix86+x86_64 1.25.0 268.00 250.00 518.00 OK
r-oldrel-macos-x86_64 1.25.0 OK
r-oldrel-windows-ix86+x86_64 1.25.0 231.00 227.00 458.00 OK

Check Details

Version: 1.25.0
Check: installed package size
Result: NOTE
     installed size is 5.3Mb
     sub-directories of 1Mb or more:
     R 2.1Mb
     libs 2.7Mb
Flavor: r-devel-linux-x86_64-fedora-clang

Version: 1.25.0
Check: package dependencies
Result: NOTE
    Package suggested but not available for checking: 'rgl'
Flavor: r-devel-windows-x86_64-gcc10-UCRT