Last updated on 2023-05-30 16:00:44 CEST.
Flavor | Version | Tinstall | Tcheck | Ttotal | Status | Flags |
---|---|---|---|---|---|---|
r-devel-linux-x86_64-debian-clang | 0.2.9.6 | 3.54 | 154.61 | 158.15 | OK | |
r-devel-linux-x86_64-debian-gcc | 0.2.9.6 | 3.44 | 114.19 | 117.63 | OK | |
r-devel-linux-x86_64-fedora-clang | 0.2.9.6 | 196.08 | NOTE | |||
r-devel-linux-x86_64-fedora-gcc | 0.2.9.6 | 195.63 | OK | |||
r-devel-windows-x86_64 | 0.2.9.6 | 7.00 | 135.00 | 142.00 | OK | |
r-patched-linux-x86_64 | 0.2.9.6 | 8.10 | 149.37 | 157.47 | OK | |
r-release-linux-x86_64 | 0.2.9.6 | 3.63 | 144.11 | 147.74 | OK | |
r-release-macos-arm64 | 0.2.9.6 | 65.00 | OK | |||
r-release-macos-x86_64 | 0.2.9.6 | 107.00 | OK | |||
r-release-windows-x86_64 | 0.2.9.6 | 7.00 | 169.00 | 176.00 | OK | |
r-oldrel-macos-arm64 | 0.2.9.6 | 43.00 | OK | |||
r-oldrel-macos-x86_64 | 0.2.9.6 | 64.00 | OK | |||
r-oldrel-windows-x86_64 | 0.2.9.6 | 7.00 | 175.00 | 182.00 | OK |
Version: 0.2.9.6
Check: Rd cross-references
Result: NOTE
Undeclared package ‘qgraph’ in Rd xrefs
Flavor: r-devel-linux-x86_64-fedora-clang