CRAN Package Check Results for Package semdrw

Last updated on 2020-10-25 02:48:20 CET.

Flavor Version Tinstall Tcheck Ttotal Status Flags
r-devel-linux-x86_64-debian-clang 0.1.0 2.29 18.46 20.75 OK
r-devel-linux-x86_64-debian-gcc 0.1.0 1.89 14.78 16.67 OK
r-devel-linux-x86_64-fedora-clang 0.1.0 36.10 NOTE
r-devel-linux-x86_64-fedora-gcc 0.1.0 24.53 NOTE
r-devel-windows-ix86+x86_64 0.1.0 7.00 37.00 44.00 OK
r-patched-linux-x86_64 0.1.0 2.30 17.95 20.25 OK
r-patched-solaris-x86 0.1.0 39.60 NOTE
r-release-linux-x86_64 0.1.0 2.15 17.81 19.96 OK
r-release-macos-x86_64 0.1.0 NOTE
r-release-windows-ix86+x86_64 0.1.0 6.00 27.00 33.00 OK
r-oldrel-macos-x86_64 0.1.0 NOTE
r-oldrel-windows-ix86+x86_64 0.1.0 5.00 24.00 29.00 OK

Check Details

Version: 0.1.0
Check: dependencies in R code
Result: NOTE
    Namespaces in Imports field not imported from:
     ‘dplyr’ ‘lavaan’ ‘psych’ ‘semPlot’ ‘semTools’ ‘shinyAce’
     All declared Imports should be used.
Flavors: r-devel-linux-x86_64-fedora-clang, r-devel-linux-x86_64-fedora-gcc, r-patched-solaris-x86, r-release-macos-x86_64, r-oldrel-macos-x86_64