CRAN Package Check Results for Package semTools

Last updated on 2020-09-21 04:52:41 CEST.

Flavor Version Tinstall Tcheck Ttotal Status Flags
r-devel-linux-x86_64-debian-clang 0.5-3 35.30 255.49 290.79 OK
r-devel-linux-x86_64-debian-gcc 0.5-3 26.18 185.59 211.77 OK
r-devel-linux-x86_64-fedora-clang 0.5-3 355.69 OK
r-devel-linux-x86_64-fedora-gcc 0.5-3 375.81 OK
r-devel-windows-ix86+x86_64 0.5-3 59.00 249.00 308.00 OK
r-patched-linux-x86_64 0.5-3 28.02 253.55 281.57 NOTE
r-patched-solaris-x86 0.5-3 411.40 OK
r-release-linux-x86_64 0.5-3 27.87 250.19 278.06 OK
r-release-macos-x86_64 0.5-3 OK
r-release-windows-ix86+x86_64 0.5-3 63.00 238.00 301.00 OK
r-oldrel-macos-x86_64 0.5-3 OK
r-oldrel-windows-ix86+x86_64 0.5-3 39.00 301.00 340.00 OK

Check Details

Version: 0.5-3
Check: package dependencies
Result: NOTE
    Package suggested but not available for checking: ‘blavaan’
Flavor: r-patched-linux-x86_64