CRAN Package Check Results for Package secuTrialR

Last updated on 2021-05-07 03:47:19 CEST.

Flavor Version Tinstall Tcheck Ttotal Status Flags
r-devel-linux-x86_64-debian-clang 1.0.9 9.00 113.42 122.42 NOTE
r-devel-linux-x86_64-debian-gcc 1.0.9 7.24 82.80 90.04 NOTE
r-devel-linux-x86_64-fedora-clang 1.0.9 159.89 NOTE
r-devel-linux-x86_64-fedora-gcc 1.0.9 146.54 NOTE
r-devel-windows-ix86+x86_64 1.0.9 20.00 187.00 207.00 NOTE
r-devel-windows-x86_64-gcc10-UCRT 1.0.9 NOTE
r-patched-linux-x86_64 1.0.9 8.91 103.96 112.87 NOTE
r-patched-solaris-x86 1.0.9 181.60 OK
r-release-linux-x86_64 1.0.9 8.35 103.31 111.66 OK
r-release-macos-x86_64 1.0.9 OK
r-release-windows-ix86+x86_64 1.0.9 13.00 140.00 153.00 OK
r-oldrel-macos-x86_64 1.0.9 OK
r-oldrel-windows-ix86+x86_64 1.0.9 19.00 143.00 162.00 OK

Check Details

Version: 1.0.9
Check: LazyData
Result: NOTE
     'LazyData' is specified without a 'data' directory
Flavors: r-devel-linux-x86_64-debian-clang, r-devel-linux-x86_64-debian-gcc, r-devel-linux-x86_64-fedora-clang, r-devel-linux-x86_64-fedora-gcc, r-devel-windows-ix86+x86_64, r-devel-windows-x86_64-gcc10-UCRT, r-patched-linux-x86_64