Last updated on 2023-04-01 03:53:25 CEST.
Flavor | Version | Tinstall | Tcheck | Ttotal | Status | Flags |
---|---|---|---|---|---|---|
r-devel-linux-x86_64-debian-clang | 2.1.7 | 7.02 | 232.98 | 240.00 | OK | |
r-devel-linux-x86_64-debian-gcc | 2.1.7 | 5.73 | 179.38 | 185.11 | OK | |
r-devel-linux-x86_64-fedora-clang | 2.1.7 | 288.64 | OK | |||
r-devel-linux-x86_64-fedora-gcc | 2.1.7 | 294.56 | OK | |||
r-patched-linux-x86_64 | 2.1.7 | 5.65 | 237.20 | 242.85 | OK | |
r-release-linux-x86_64 | 2.1.7 | 4.16 | 230.88 | 235.04 | OK | |
r-release-macos-arm64 | 2.1.7 | 64.00 | OK | |||
r-release-macos-x86_64 | 2.1.7 | 155.00 | OK | |||
r-release-windows-x86_64 | 2.1.7 | 19.00 | 301.00 | 320.00 | NOTE | |
r-oldrel-macos-arm64 | 2.1.7 | 87.00 | OK | |||
r-oldrel-macos-x86_64 | 2.1.7 | 116.00 | OK | |||
r-oldrel-windows-ix86+x86_64 | 2.1.7 | 19.00 | 440.00 | 459.00 | NOTE |
Version: 2.1.7
Check: package dependencies
Result: NOTE
Package which this enhances but not available for checking: 'doMC'
Flavors: r-release-windows-x86_64, r-oldrel-windows-ix86+x86_64