CRAN Package Check Results for Package sdmApp

Last updated on 2021-04-21 03:49:14 CEST.

Flavor Version Tinstall Tcheck Ttotal Status Flags
r-devel-linux-x86_64-debian-clang 0.0.1 3.59 50.23 53.82 NOTE
r-devel-linux-x86_64-debian-gcc 0.0.1 2.63 36.77 39.40 NOTE
r-devel-linux-x86_64-fedora-clang 0.0.1 70.15 NOTE
r-devel-linux-x86_64-fedora-gcc 0.0.1 61.60 NOTE
r-devel-windows-ix86+x86_64 0.0.1 8.00 50.00 58.00 NOTE
r-devel-windows-x86_64-gcc10-UCRT 0.0.1 NOTE
r-patched-linux-x86_64 0.0.1 8.82 47.42 56.24 OK
r-patched-solaris-x86 0.0.1 87.10 NOTE
r-release-linux-x86_64 0.0.1 3.37 45.85 49.22 OK
r-release-macos-x86_64 0.0.1 NOTE
r-release-windows-ix86+x86_64 0.0.1 10.00 55.00 65.00 OK
r-oldrel-macos-x86_64 0.0.1 NOTE
r-oldrel-windows-ix86+x86_64 0.0.1 7.00 67.00 74.00 OK

Check Details

Version: 0.0.1
Check: LazyData
Result: NOTE
     'LazyData' is specified without a 'data' directory
Flavors: r-devel-linux-x86_64-debian-clang, r-devel-linux-x86_64-debian-gcc, r-devel-linux-x86_64-fedora-clang, r-devel-linux-x86_64-fedora-gcc, r-devel-windows-ix86+x86_64, r-devel-windows-x86_64-gcc10-UCRT

Version: 0.0.1
Check: package dependencies
Result: NOTE
    Imports includes 24 non-default packages.
    Importing from so many packages makes the package vulnerable to any of
    them becoming unavailable. Move as many as possible to Suggests and
    use conditionally.
Flavor: r-devel-linux-x86_64-fedora-clang

Version: 0.0.1
Check: dependencies in R code
Result: NOTE
    Namespaces in Imports field not imported from:
     ‘CENFA’ ‘DT’ ‘SSDM’ ‘biomod2’ ‘blockCV’ ‘data.table’ ‘dismo’
     ‘ggcorrplot’ ‘haven’ ‘kernlab’ ‘rJava’ ‘randomForest’ ‘readxl’
     ‘rgeos’ ‘rhandsontable’ ‘shinyBS’ ‘shinyFiles’ ‘sp’ ‘tidyverse’
     All declared Imports should be used.
Flavors: r-devel-linux-x86_64-fedora-clang, r-devel-linux-x86_64-fedora-gcc, r-devel-windows-x86_64-gcc10-UCRT, r-patched-solaris-x86, r-release-macos-x86_64, r-oldrel-macos-x86_64

Version: 0.0.1
Check: installed package size
Result: NOTE
     installed size is 5.1Mb
     sub-directories of 1Mb or more:
     docs 1.9Mb
     extdata 2.1Mb
Flavor: r-patched-solaris-x86