CRAN Package Check Results for Package rsem

Last updated on 2020-09-22 03:49:39 CEST.

Flavor Version Tinstall Tcheck Ttotal Status Flags
r-devel-linux-x86_64-debian-clang 0.5.0 5.82 38.80 44.62 OK
r-devel-linux-x86_64-debian-gcc 0.5.0 0.29 1.98 2.27 ERROR
r-devel-linux-x86_64-fedora-clang 0.5.0 63.93 OK
r-devel-linux-x86_64-fedora-gcc 0.5.0 52.92 OK
r-devel-windows-ix86+x86_64 0.5.0 10.00 52.00 62.00 OK
r-patched-linux-x86_64 0.5.0 4.38 38.16 42.54 OK
r-patched-solaris-x86 0.5.0 74.70 OK
r-release-linux-x86_64 0.5.0 5.74 37.69 43.43 OK
r-release-macos-x86_64 0.5.0 OK
r-release-windows-ix86+x86_64 0.5.0 10.00 47.00 57.00 OK
r-oldrel-macos-x86_64 0.5.0 OK
r-oldrel-windows-ix86+x86_64 0.5.0 6.00 62.00 68.00 OK

Check Details

Version: 0.5.0
Check: whether package can be installed
Result: ERROR
    Installation failed.
Flavor: r-devel-linux-x86_64-debian-gcc