Last updated on 2023-09-22 04:01:22 CEST.
Flavor | Version | Tinstall | Tcheck | Ttotal | Status | Flags |
---|---|---|---|---|---|---|
r-devel-linux-x86_64-debian-clang | 0.1.0 | 7.40 | 32.26 | 39.66 | OK | |
r-devel-linux-x86_64-debian-gcc | 0.1.0 | 7.27 | 25.43 | 32.70 | OK | |
r-devel-linux-x86_64-fedora-clang | 0.1.0 | 50.98 | NOTE | |||
r-devel-linux-x86_64-fedora-gcc | 0.1.0 | 51.17 | NOTE | |||
r-devel-windows-x86_64 | 0.1.0 | 8.00 | 47.00 | 55.00 | OK | |
r-patched-linux-x86_64 | 0.1.0 | 7.62 | 31.96 | 39.58 | OK | |
r-release-linux-x86_64 | 0.1.0 | 7.87 | 31.92 | 39.79 | OK | |
r-release-macos-arm64 | 0.1.0 | 23.00 | OK | |||
r-release-macos-x86_64 | 0.1.0 | 34.00 | OK | |||
r-release-windows-x86_64 | 0.1.0 | 11.00 | 50.00 | 61.00 | OK | |
r-oldrel-macos-arm64 | 0.1.0 | 24.00 | OK | |||
r-oldrel-macos-x86_64 | 0.1.0 | 30.00 | NOTE | |||
r-oldrel-windows-x86_64 | 0.1.0 | 11.00 | 54.00 | 65.00 | OK |
Version: 0.1.0
Check: data for non-ASCII characters
Result: NOTE
Note: found 133 marked Latin-1 strings
Flavors: r-devel-linux-x86_64-fedora-clang, r-devel-linux-x86_64-fedora-gcc, r-oldrel-macos-x86_64