CRAN Package Check Results for Package rlang

Last updated on 2021-04-16 03:50:07 CEST.

Flavor Version Tinstall Tcheck Ttotal Status Flags
r-devel-linux-x86_64-debian-clang 0.4.10 13.84 132.03 145.87 ERROR
r-devel-linux-x86_64-debian-gcc 0.4.10 13.53 99.07 112.60 ERROR
r-devel-linux-x86_64-fedora-clang 0.4.10 189.39 ERROR
r-devel-linux-x86_64-fedora-gcc 0.4.10 130.33 ERROR
r-devel-windows-ix86+x86_64 0.4.10 40.00 186.00 226.00 NOTE
r-devel-windows-x86_64-gcc10-UCRT 0.4.10 ERROR
r-patched-linux-x86_64 0.4.10 13.83 124.43 138.26 OK
r-patched-solaris-x86 0.4.10 234.50 OK
r-release-linux-x86_64 0.4.10 13.26 126.44 139.70 OK
r-release-macos-x86_64 0.4.10 OK
r-release-windows-ix86+x86_64 0.4.10 33.00 268.00 301.00 OK
r-oldrel-macos-x86_64 0.4.10 OK
r-oldrel-windows-ix86+x86_64 0.4.10 32.00 195.00 227.00 NOTE

Check Details

Version: 0.4.10
Check: LazyData
Result: NOTE
     'LazyData' is specified without a 'data' directory
Flavors: r-devel-linux-x86_64-debian-clang, r-devel-linux-x86_64-debian-gcc, r-devel-linux-x86_64-fedora-clang, r-devel-linux-x86_64-fedora-gcc, r-devel-windows-ix86+x86_64, r-devel-windows-x86_64-gcc10-UCRT

Version: 0.4.10
Check: tests
Result: ERROR
     Running 'sink.R' [0s/1s]
     Running 'testthat.R' [55s/63s]
    Running the tests in 'tests/testthat.R' failed.
    Complete output:
     > # Workaround for loadNamespace() failure on R 3.2
     > requireNamespace("rlang")
     Loading required namespace: rlang
     >
     > library("testthat")
     > library("rlang")
    
     Attaching package: 'rlang'
    
     The following objects are masked from 'package:testthat':
    
     is_false, is_null, is_true
    
     >
     > test_check("rlang")
     foo
     w finalized
     == Skipped tests ===============================================================
     * !nzchar(Sys.getenv("RLANG_FULL_TESTS")) is TRUE (1)
     * Cannot set MBCS locale (1)
     * Disabled (1)
     * Failing (1)
     * On CRAN (45)
     * Until the workaround is in place (1)
     * rlanglibtest cannot be loaded (1)
    
     == Failed tests ================================================================
     -- Error (test-env.R:370:3): env_poke_parent() fails with namespaces, package envs, and locked envs --
     Error: Can't change the parent of a locked environment
     Backtrace:
     x
     1. +-testthat::expect_error(env_poke_parent(base_env(), env()), "base") test-env.R:370:2
     2. | \-testthat:::expect_condition_matching(...)
     3. | \-testthat:::quasi_capture(...)
     4. | +-testthat:::.capture(...)
     5. | | \-base::withCallingHandlers(...)
     6. | \-rlang::eval_bare(quo_get_expr(.quo), quo_get_env(.quo))
     7. \-rlang::env_poke_parent(base_env(), env())
    
     [ FAIL 1 | WARN 0 | SKIP 51 | PASS 2727 ]
     Error: Test failures
     Execution halted
Flavor: r-devel-linux-x86_64-debian-clang

Version: 0.4.10
Check: tests
Result: ERROR
     Running ‘sink.R’ [0s/1s]
     Running ‘testthat.R’ [41s/67s]
    Running the tests in ‘tests/testthat.R’ failed.
    Complete output:
     > # Workaround for loadNamespace() failure on R 3.2
     > requireNamespace("rlang")
     Loading required namespace: rlang
     >
     > library("testthat")
     > library("rlang")
    
     Attaching package: 'rlang'
    
     The following objects are masked from 'package:testthat':
    
     is_false, is_null, is_true
    
     >
     > test_check("rlang")
     foo
     w finalized
     ══ Skipped tests ═══════════════════════════════════════════════════════════════
     ● !nzchar(Sys.getenv("RLANG_FULL_TESTS")) is TRUE (1)
     ● Cannot set MBCS locale (1)
     ● Disabled (1)
     ● Failing (1)
     ● On CRAN (45)
     ● Until the workaround is in place (1)
     ● rlanglibtest cannot be loaded (1)
    
     ══ Failed tests ════════════════════════════════════════════════════════════════
     ── Error (test-env.R:370:3): env_poke_parent() fails with namespaces, package envs, and locked envs ──
     Error: Can't change the parent of a locked environment
     Backtrace:
     █
     1. ├─testthat::expect_error(env_poke_parent(base_env(), env()), "base") test-env.R:370:2
     2. │ └─testthat:::expect_condition_matching(...)
     3. │ └─testthat:::quasi_capture(...)
     4. │ ├─testthat:::.capture(...)
     5. │ │ └─base::withCallingHandlers(...)
     6. │ └─rlang::eval_bare(quo_get_expr(.quo), quo_get_env(.quo))
     7. └─rlang::env_poke_parent(base_env(), env())
    
     [ FAIL 1 | WARN 0 | SKIP 51 | PASS 2727 ]
     Error: Test failures
     Execution halted
Flavor: r-devel-linux-x86_64-debian-gcc

Version: 0.4.10
Check: tests
Result: ERROR
     Running ‘sink.R’
     Running ‘testthat.R’ [65s/68s]
    Running the tests in ‘tests/testthat.R’ failed.
    Complete output:
     > # Workaround for loadNamespace() failure on R 3.2
     > requireNamespace("rlang")
     Loading required namespace: rlang
     >
     > library("testthat")
     > library("rlang")
    
     Attaching package: 'rlang'
    
     The following objects are masked from 'package:testthat':
    
     is_false, is_null, is_true
    
     >
     > test_check("rlang")
     foo
     w finalized
     ══ Skipped tests ═══════════════════════════════════════════════════════════════
     ● !nzchar(Sys.getenv("RLANG_FULL_TESTS")) is TRUE (1)
     ● Cannot set MBCS locale (1)
     ● Disabled (1)
     ● Failing (1)
     ● On CRAN (45)
     ● Until the workaround is in place (1)
     ● rlanglibtest cannot be loaded (1)
    
     ══ Failed tests ════════════════════════════════════════════════════════════════
     ── Error (test-env.R:370:3): env_poke_parent() fails with namespaces, package envs, and locked envs ──
     Error: Can't change the parent of a locked environment
     Backtrace:
     █
     1. ├─testthat::expect_error(env_poke_parent(base_env(), env()), "base") test-env.R:370:2
     2. │ └─testthat:::expect_condition_matching(...)
     3. │ └─testthat:::quasi_capture(...)
     4. │ ├─testthat:::.capture(...)
     5. │ │ └─base::withCallingHandlers(...)
     6. │ └─rlang::eval_bare(quo_get_expr(.quo), quo_get_env(.quo))
     7. └─rlang::env_poke_parent(base_env(), env())
    
     [ FAIL 1 | WARN 0 | SKIP 51 | PASS 2727 ]
     Error: Test failures
     Execution halted
Flavor: r-devel-linux-x86_64-fedora-clang

Version: 0.4.10
Check: tests
Result: ERROR
     Running ‘sink.R’
     Running ‘testthat.R’ [38s/38s]
    Running the tests in ‘tests/testthat.R’ failed.
    Complete output:
     > # Workaround for loadNamespace() failure on R 3.2
     > requireNamespace("rlang")
     Loading required namespace: rlang
     >
     > library("testthat")
     > library("rlang")
    
     Attaching package: 'rlang'
    
     The following objects are masked from 'package:testthat':
    
     is_false, is_null, is_true
    
     >
     > test_check("rlang")
     foo
     w finalized
     ══ Skipped tests ═══════════════════════════════════════════════════════════════
     ● !nzchar(Sys.getenv("RLANG_FULL_TESTS")) is TRUE (1)
     ● Cannot set MBCS locale (1)
     ● Disabled (1)
     ● Failing (1)
     ● On CRAN (45)
     ● Until the workaround is in place (1)
     ● rlanglibtest cannot be loaded (1)
    
     ══ Failed tests ════════════════════════════════════════════════════════════════
     ── Error (test-env.R:370:3): env_poke_parent() fails with namespaces, package envs, and locked envs ──
     Error: Can't change the parent of a locked environment
     Backtrace:
     █
     1. ├─testthat::expect_error(env_poke_parent(base_env(), env()), "base") test-env.R:370:2
     2. │ └─testthat:::expect_condition_matching(...)
     3. │ └─testthat:::quasi_capture(...)
     4. │ ├─testthat:::.capture(...)
     5. │ │ └─base::withCallingHandlers(...)
     6. │ └─rlang::eval_bare(quo_get_expr(.quo), quo_get_env(.quo))
     7. └─rlang::env_poke_parent(base_env(), env())
    
     [ FAIL 1 | WARN 0 | SKIP 51 | PASS 2727 ]
     Error: Test failures
     Execution halted
Flavor: r-devel-linux-x86_64-fedora-gcc

Version: 0.4.10
Check: whether package can be installed
Result: WARN
    Found the following significant warnings:
     internal/hash.c:142:16: warning: too many arguments for format [-Wformat-extra-args]
Flavor: r-devel-windows-x86_64-gcc10-UCRT

Version: 0.4.10
Check: tests
Result: ERROR
     Running 'sink.R'
     Running 'testthat.R'
    Running the tests in 'tests/testthat.R' failed.
    Last 13 lines of output:
     -- Error (test-env.R:370:3): env_poke_parent() fails with namespaces, package envs, and locked envs --
     Error: Can't change the parent of a locked environment
     Backtrace:
     x
     1. +-testthat::expect_error(env_poke_parent(base_env(), env()), "base") test-env.R:370:2
     2. | \-testthat:::expect_condition_matching(...)
     3. | \-testthat:::quasi_capture(...)
     4. | +-testthat:::.capture(...)
     5. | | \-base::withCallingHandlers(...)
     6. | \-rlang::eval_bare(quo_get_expr(.quo), quo_get_env(.quo))
     7. \-rlang::env_poke_parent(base_env(), env())
    
     [ FAIL 1 | WARN 0 | SKIP 50 | PASS 2728 ]
     Error: Test failures
     Execution halted
Flavor: r-devel-windows-x86_64-gcc10-UCRT

Version: 0.4.10
Check: package dependencies
Result: NOTE
    Package which this enhances but not available for checking: 'winch'
Flavor: r-oldrel-windows-ix86+x86_64