CRAN Package Check Results for Package riverdist

Last updated on 2025-01-26 02:49:29 CET.

Flavor Version Tinstall Tcheck Ttotal Status Flags
r-devel-linux-x86_64-debian-clang 0.17.1 11.36 149.39 160.75 NOTE
r-devel-linux-x86_64-debian-gcc 0.17.1 6.93 100.56 107.49 NOTE
r-devel-linux-x86_64-fedora-clang 0.17.1 264.84 OK
r-devel-linux-x86_64-fedora-gcc 0.17.1 279.70 NOTE
r-devel-windows-x86_64 0.17.1 13.00 155.00 168.00 OK
r-patched-linux-x86_64 0.17.1 10.34 141.51 151.85 OK
r-release-linux-x86_64 0.17.1 10.37 141.58 151.95 OK
r-release-macos-arm64 0.17.1 72.00 OK
r-release-macos-x86_64 0.17.1 125.00 OK
r-release-windows-x86_64 0.17.1 13.00 155.00 168.00 OK
r-oldrel-macos-arm64 0.17.1 80.00 OK
r-oldrel-macos-x86_64 0.17.1 115.00 OK
r-oldrel-windows-x86_64 0.17.1 14.00 189.00 203.00 OK

Check Details

Version: 0.17.1
Check: DESCRIPTION meta-information
Result: NOTE Missing dependency on R >= 4.1.0 because package code uses the pipe |> or function shorthand \(...) syntax added in R 4.1.0. File(s) using such syntax: ‘plotdensity.R’ Flavors: r-devel-linux-x86_64-debian-clang, r-devel-linux-x86_64-debian-gcc, r-devel-linux-x86_64-fedora-gcc