CRAN Package Check Results for Package radiant.design

Last updated on 2020-12-02 02:52:02 CET.

Flavor Version Tinstall Tcheck Ttotal Status Flags
r-devel-linux-x86_64-debian-clang 1.3.5 14.85 93.75 108.60 OK
r-devel-linux-x86_64-debian-gcc 1.3.5 10.51 72.49 83.00 OK
r-devel-linux-x86_64-fedora-clang 1.3.5 129.00 OK
r-devel-linux-x86_64-fedora-gcc 1.3.5 123.90 OK
r-devel-windows-ix86+x86_64 1.3.5 27.00 89.00 116.00 OK
r-patched-linux-x86_64 1.3.5 10.94 89.84 100.78 OK
r-patched-solaris-x86 1.3.5 169.00 OK
r-release-linux-x86_64 1.3.5 8.03 87.80 95.83 OK
r-release-macos-x86_64 1.3.5 OK
r-release-windows-ix86+x86_64 1.3.5 22.00 86.00 108.00 OK
r-oldrel-macos-x86_64 1.3.5 OK
r-oldrel-windows-ix86+x86_64 1.3.5 4.00 7.00 11.00 ERROR

Check Details

Version: 1.3.5
Check: whether package can be installed
Result: ERROR
    Installation failed.
Flavor: r-oldrel-windows-ix86+x86_64