Last updated on 2021-03-06 03:54:52 CET.
Flavor | Version | Tinstall | Tcheck | Ttotal | Status | Flags |
---|---|---|---|---|---|---|
r-devel-linux-x86_64-debian-clang | 0.1.1 | 17.16 | 148.77 | 165.93 | OK | |
r-devel-linux-x86_64-debian-gcc | 0.1.1 | 14.84 | 112.39 | 127.23 | OK | |
r-devel-linux-x86_64-fedora-clang | 0.1.1 | 204.95 | OK | |||
r-devel-linux-x86_64-fedora-gcc | 0.1.1 | 196.00 | OK | |||
r-devel-windows-ix86+x86_64 | 0.1.1 | 28.00 | 170.00 | 198.00 | OK | |
r-patched-linux-x86_64 | 0.1.1 | OK | ||||
r-patched-solaris-x86 | 0.1.1 | 270.60 | OK | |||
r-release-linux-x86_64 | 0.1.1 | 17.87 | 140.31 | 158.18 | OK | |
r-release-macos-x86_64 | 0.1.1 | OK | ||||
r-release-windows-ix86+x86_64 | 0.1.1 | 30.00 | 126.00 | 156.00 | OK | |
r-oldrel-macos-x86_64 | 0.1.1 | WARN | ||||
r-oldrel-windows-ix86+x86_64 | 0.1.1 | 24.00 | 116.00 | 140.00 | OK |
Version: 0.1.1
Check: whether package can be installed
Result: WARN
Found the following significant warnings:
Warning: 'rgl_init' failed, running with rgl.useNULL = TRUE
Flavor: r-oldrel-macos-x86_64