CRAN Package Check Results for Package quickPlot

Last updated on 2021-04-21 03:49:11 CEST.

Flavor Version Tinstall Tcheck Ttotal Status Flags
r-devel-linux-x86_64-debian-clang 0.1.6 21.43 183.30 204.73 NOTE
r-devel-linux-x86_64-debian-gcc 0.1.6 19.25 140.56 159.81 NOTE
r-devel-linux-x86_64-fedora-clang 0.1.6 257.35 NOTE
r-devel-linux-x86_64-fedora-gcc 0.1.6 244.28 NOTE
r-devel-windows-ix86+x86_64 0.1.6 39.00 155.00 194.00 NOTE
r-devel-windows-x86_64-gcc10-UCRT 0.1.6 NOTE
r-patched-linux-x86_64 0.1.6 24.27 170.59 194.86 WARN
r-patched-solaris-x86 0.1.6 370.80 NOTE
r-release-linux-x86_64 0.1.6 19.15 171.02 190.17 NOTE
r-release-macos-x86_64 0.1.6 NOTE
r-release-windows-ix86+x86_64 0.1.6 46.00 169.00 215.00 NOTE
r-oldrel-macos-x86_64 0.1.6 NOTE
r-oldrel-windows-ix86+x86_64 0.1.6 51.00 195.00 246.00 NOTE

Check Details

Version: 0.1.6
Check: package dependencies
Result: NOTE
    Package suggested but not available for checking: 'fastshp'
Flavors: r-devel-linux-x86_64-debian-clang, r-devel-linux-x86_64-debian-gcc, r-devel-linux-x86_64-fedora-clang, r-devel-linux-x86_64-fedora-gcc, r-devel-windows-ix86+x86_64, r-devel-windows-x86_64-gcc10-UCRT, r-patched-linux-x86_64, r-patched-solaris-x86, r-release-linux-x86_64, r-release-macos-x86_64, r-release-windows-ix86+x86_64, r-oldrel-macos-x86_64, r-oldrel-windows-ix86+x86_64

Version: 0.1.6
Check: whether package can be installed
Result: WARN
    Found the following significant warnings:
     Rd warning: /tmp/RtmpKnG1BB/R.INSTALL5ae42f4f41c1/quickPlot/man/getSetColors.Rd:130: file link ‘brewer.pal’ in package ‘RColorBrewer’ does not exist and so has been treated as a topic
     Rd warning: /tmp/RtmpKnG1BB/R.INSTALL5ae42f4f41c1/quickPlot/man/getSetColors.Rd:132: file link ‘brewer.pal’ in package ‘RColorBrewer’ does not exist and so has been treated as a topic
     Rd warning: /tmp/RtmpKnG1BB/R.INSTALL5ae42f4f41c1/quickPlot/man/getSetColors.Rd:133: file link ‘colorRampPalette’ in package ‘grDevices’ does not exist and so has been treated as a topic
Flavor: r-patched-linux-x86_64