Last updated on 2023-04-01 03:53:21 CEST.
Flavor | Version | Tinstall | Tcheck | Ttotal | Status | Flags |
---|---|---|---|---|---|---|
r-devel-linux-x86_64-debian-clang | 1.1.1 | 126.14 | 133.58 | 259.72 | NOTE | |
r-devel-linux-x86_64-debian-gcc | 1.1.1 | 96.20 | 98.50 | 194.70 | NOTE | |
r-devel-linux-x86_64-fedora-clang | 1.1.1 | 362.38 | NOTE | |||
r-devel-linux-x86_64-fedora-gcc | 1.1.1 | 310.96 | NOTE | |||
r-devel-windows-x86_64 | 1.1.1 | 107.00 | 0.00 | 107.00 | NOTE | |
r-patched-linux-x86_64 | 1.1.1 | 93.81 | 125.21 | 219.02 | NOTE | |
r-release-linux-x86_64 | 1.1.1 | 99.33 | 118.47 | 217.80 | OK | |
r-release-macos-arm64 | 1.1.1 | 75.00 | OK | |||
r-release-macos-x86_64 | 1.1.1 | 102.00 | OK | |||
r-release-windows-x86_64 | 1.1.1 | 267.00 | 173.00 | 440.00 | OK | |
r-oldrel-macos-arm64 | 1.1.1 | 64.00 | OK | |||
r-oldrel-macos-x86_64 | 1.1.1 | 96.00 | OK | |||
r-oldrel-windows-ix86+x86_64 | 1.1.1 | 263.00 | 190.00 | 453.00 | OK |
Version: 1.1.1
Check: C++ specification
Result: NOTE
Specified C++11: please drop specification unless essential
Flavors: r-devel-linux-x86_64-debian-clang, r-devel-linux-x86_64-debian-gcc, r-devel-linux-x86_64-fedora-clang, r-devel-linux-x86_64-fedora-gcc, r-devel-windows-x86_64, r-patched-linux-x86_64