CRAN Package Check Results for Package purge

Last updated on 2023-05-30 16:00:41 CEST.

Flavor Version Tinstall Tcheck Ttotal Status Flags
r-devel-linux-x86_64-debian-clang 0.2.1 1.91 32.85 34.76 NOTE
r-devel-linux-x86_64-debian-gcc 0.2.1 1.50 25.53 27.03 NOTE
r-devel-linux-x86_64-fedora-clang 0.2.1 44.72 NOTE
r-devel-linux-x86_64-fedora-gcc 0.2.1 41.65 NOTE
r-devel-windows-x86_64 0.2.1 2.00 46.00 48.00 NOTE
r-patched-linux-x86_64 0.2.1 2.18 31.60 33.78 NOTE
r-release-linux-x86_64 0.2.1 1.77 33.04 34.81 NOTE
r-release-macos-arm64 0.2.1 20.00 NOTE
r-release-macos-x86_64 0.2.1 27.00 NOTE
r-release-windows-x86_64 0.2.1 2.00 46.00 48.00 NOTE
r-oldrel-macos-arm64 0.2.1 27.00 NOTE
r-oldrel-macos-x86_64 0.2.1 24.00 NOTE
r-oldrel-windows-x86_64 0.2.1 3.00 52.00 55.00 NOTE

Check Details

Version: 0.2.1
Check: LazyData
Result: NOTE
     'LazyData' is specified without a 'data' directory
Flavors: r-devel-linux-x86_64-debian-clang, r-devel-linux-x86_64-debian-gcc, r-devel-linux-x86_64-fedora-clang, r-devel-linux-x86_64-fedora-gcc, r-devel-windows-x86_64, r-patched-linux-x86_64, r-release-linux-x86_64, r-release-macos-arm64, r-release-macos-x86_64, r-release-windows-x86_64, r-oldrel-macos-arm64, r-oldrel-macos-x86_64, r-oldrel-windows-x86_64