CRAN Package Check Results for Package psychonetrics

Last updated on 2020-09-21 04:52:37 CEST.

Flavor Version Tinstall Tcheck Ttotal Status Flags
r-devel-linux-x86_64-debian-clang 0.7.2 885.92 175.18 1061.10 OK
r-devel-linux-x86_64-debian-gcc 0.7.2 572.02 131.64 703.66 OK
r-devel-linux-x86_64-fedora-clang 0.7.2 1725.08 NOTE
r-devel-linux-x86_64-fedora-gcc 0.7.2 1629.48 OK
r-devel-windows-ix86+x86_64 0.7.2 1996.00 246.00 2242.00 NOTE
r-patched-linux-x86_64 0.7.2 658.73 172.91 831.64 OK
r-patched-solaris-x86 0.7.2 1191.70 OK
r-release-linux-x86_64 0.7.2 658.44 170.96 829.40 OK
r-release-macos-x86_64 0.7.2 NOTE
r-release-windows-ix86+x86_64 0.7.2 1804.00 230.00 2034.00 NOTE
r-oldrel-macos-x86_64 0.7.2 NOTE
r-oldrel-windows-ix86+x86_64 0.7.2 1354.00 279.00 1633.00 NOTE

Check Details

Version: 0.7.2
Check: package dependencies
Result: NOTE
    Imports includes 22 non-default packages.
    Importing from so many packages makes the package vulnerable to any of
    them becoming unavailable. Move as many as possible to Suggests and
    use conditionally.
Flavor: r-devel-linux-x86_64-fedora-clang

Version: 0.7.2
Check: installed package size
Result: NOTE
     installed size is 53.5Mb
     sub-directories of 1Mb or more:
     libs 52.5Mb
Flavors: r-devel-linux-x86_64-fedora-clang, r-devel-windows-ix86+x86_64, r-release-macos-x86_64, r-release-windows-ix86+x86_64, r-oldrel-macos-x86_64, r-oldrel-windows-ix86+x86_64