CRAN Package Check Results for Package prevtoinc

Last updated on 2021-05-07 03:47:14 CEST.

Flavor Version Tinstall Tcheck Ttotal Status Flags
r-devel-linux-x86_64-debian-clang 0.12.0 4.78 76.83 81.61 NOTE
r-devel-linux-x86_64-debian-gcc 0.12.0 3.55 55.98 59.53 NOTE
r-devel-linux-x86_64-fedora-clang 0.12.0 105.96 NOTE
r-devel-linux-x86_64-fedora-gcc 0.12.0 96.85 NOTE
r-devel-windows-ix86+x86_64 0.12.0 17.00 95.00 112.00 NOTE
r-devel-windows-x86_64-gcc10-UCRT 0.12.0 NOTE
r-patched-linux-x86_64 0.12.0 4.43 73.17 77.60 NOTE
r-patched-solaris-x86 0.12.0 141.50 OK
r-release-linux-x86_64 0.12.0 4.09 73.07 77.16 OK
r-release-macos-x86_64 0.12.0 OK
r-release-windows-ix86+x86_64 0.12.0 9.00 69.00 78.00 OK
r-oldrel-macos-x86_64 0.12.0 OK
r-oldrel-windows-ix86+x86_64 0.12.0 10.00 90.00 100.00 OK

Check Details

Version: 0.12.0
Check: LazyData
Result: NOTE
     'LazyData' is specified without a 'data' directory
Flavors: r-devel-linux-x86_64-debian-clang, r-devel-linux-x86_64-debian-gcc, r-devel-linux-x86_64-fedora-clang, r-devel-linux-x86_64-fedora-gcc, r-devel-windows-ix86+x86_64, r-devel-windows-x86_64-gcc10-UCRT, r-patched-linux-x86_64