Last updated on 2023-03-31 15:54:45 CEST.
Flavor | Version | Tinstall | Tcheck | Ttotal | Status | Flags |
---|---|---|---|---|---|---|
r-devel-linux-x86_64-debian-clang | 2.9.4 | 35.25 | 261.78 | 297.03 | OK | |
r-devel-linux-x86_64-debian-gcc | 2.9.4 | 27.48 | 197.65 | 225.13 | OK | |
r-devel-linux-x86_64-fedora-clang | 2.9.4 | 374.36 | OK | |||
r-devel-linux-x86_64-fedora-gcc | 2.9.4 | 373.28 | OK | |||
r-devel-windows-x86_64 | 2.9.4 | 136.00 | 0.00 | 136.00 | OK | |
r-patched-linux-x86_64 | 2.9.4 | 43.76 | 244.52 | 288.28 | OK | |
r-release-linux-x86_64 | 2.9.4 | 29.01 | 242.28 | 271.29 | OK | |
r-release-macos-arm64 | 2.9.4 | 76.00 | OK | |||
r-release-macos-x86_64 | 2.9.4 | 136.00 | OK | |||
r-release-windows-x86_64 | 2.9.4 | 130.00 | 336.00 | 466.00 | OK | |
r-oldrel-macos-arm64 | 2.9.4 | 80.00 | OK | |||
r-oldrel-macos-x86_64 | 2.9.4 | 134.00 | OK | |||
r-oldrel-windows-ix86+x86_64 | 2.9.4 | 68.00 | 416.00 | 484.00 | WARN |
Version: 2.9.4
Check: for unstated dependencies in ‘tests’
Result: WARN
Warning: unable to access index for repository https://bioconductor.org/packages/3.14/bioc/src/contrib:
cannot open URL 'https://bioconductor.org/packages/3.14/bioc/src/contrib/PACKAGES'
Warning: unable to access index for repository https://bioconductor.org/packages/3.14/data/annotation/src/contrib:
cannot open URL 'https://bioconductor.org/packages/3.14/data/annotation/src/contrib/PACKAGES'
Warning: unable to access index for repository https://bioconductor.org/packages/3.14/data/experiment/src/contrib:
cannot open URL 'https://bioconductor.org/packages/3.14/data/experiment/src/contrib/PACKAGES'
Flavor: r-oldrel-windows-ix86+x86_64