CRAN Package Check Results for Package plsmod

Last updated on 2021-05-07 03:47:14 CEST.

Flavor Version Tinstall Tcheck Ttotal Status Flags
r-devel-linux-x86_64-debian-clang 0.1.1 12.59 111.26 123.85 NOTE
r-devel-linux-x86_64-debian-gcc 0.1.1 9.79 82.23 92.02 NOTE
r-devel-linux-x86_64-fedora-clang 0.1.1 153.30 NOTE
r-devel-linux-x86_64-fedora-gcc 0.1.1 142.56 NOTE
r-devel-windows-ix86+x86_64 0.1.1 29.00 129.00 158.00 NOTE
r-devel-windows-x86_64-gcc10-UCRT 0.1.1 NOTE
r-patched-linux-x86_64 0.1.1 9.96 103.25 113.21 NOTE
r-patched-solaris-x86 0.1.1 204.10 OK
r-release-linux-x86_64 0.1.1 10.54 100.10 110.64 OK
r-release-macos-x86_64 0.1.1 OK
r-release-windows-ix86+x86_64 0.1.1 20.00 95.00 115.00 OK
r-oldrel-macos-x86_64 0.1.1 OK
r-oldrel-windows-ix86+x86_64 0.1.1 23.00 122.00 145.00 OK

Check Details

Version: 0.1.1
Check: LazyData
Result: NOTE
     'LazyData' is specified without a 'data' directory
Flavors: r-devel-linux-x86_64-debian-clang, r-devel-linux-x86_64-debian-gcc, r-devel-linux-x86_64-fedora-clang, r-devel-linux-x86_64-fedora-gcc, r-devel-windows-ix86+x86_64, r-devel-windows-x86_64-gcc10-UCRT, r-patched-linux-x86_64