CRAN Package Check Results for Package pls

Last updated on 2020-09-22 03:49:34 CEST.

Flavor Version Tinstall Tcheck Ttotal Status Flags
r-devel-linux-x86_64-debian-clang 2.7-3 7.19 61.66 68.85 OK
r-devel-linux-x86_64-debian-gcc 2.7-3 0.65 2.36 3.01 ERROR
r-devel-linux-x86_64-fedora-clang 2.7-3 92.57 NOTE
r-devel-linux-x86_64-fedora-gcc 2.7-3 83.01 OK
r-devel-windows-ix86+x86_64 2.7-3 12.00 70.00 82.00 OK
r-patched-linux-x86_64 2.7-3 5.81 60.70 66.51 OK
r-patched-solaris-x86 2.7-3 126.80 OK
r-release-linux-x86_64 2.7-3 7.03 61.98 69.01 OK
r-release-macos-x86_64 2.7-3 NOTE
r-release-windows-ix86+x86_64 2.7-3 12.00 65.00 77.00 OK
r-oldrel-macos-x86_64 2.7-3 NOTE
r-oldrel-windows-ix86+x86_64 2.7-3 8.00 83.00 91.00 OK

Check Details

Version: 2.7-3
Check: whether package can be installed
Result: ERROR
    Installation failed.
Flavor: r-devel-linux-x86_64-debian-gcc

Version: 2.7-3
Check: Rd cross-references
Result: NOTE
    Undeclared package ‘sm’ in Rd xrefs
Flavor: r-devel-linux-x86_64-fedora-clang

Version: 2.7-3
Check: package dependencies
Result: NOTE
    Package suggested but not available for checking: ‘Rmpi’
Flavors: r-release-macos-x86_64, r-oldrel-macos-x86_64