CRAN Package Check Results for Package pkgdown

Last updated on 2020-10-23 03:48:50 CEST.

Flavor Version Tinstall Tcheck Ttotal Status Flags
r-devel-linux-x86_64-debian-clang 1.6.1 6.49 79.90 86.39 OK
r-devel-linux-x86_64-debian-gcc 1.6.1 6.29 60.68 66.97 OK
r-devel-linux-x86_64-fedora-clang 1.6.1 109.50 NOTE
r-devel-linux-x86_64-fedora-gcc 1.6.1 100.22 OK
r-devel-windows-ix86+x86_64 1.6.1 15.00 112.00 127.00 OK
r-patched-linux-x86_64 1.6.1 6.39 75.59 81.98 OK
r-patched-solaris-x86 1.6.1 5.60 ERROR
r-release-linux-x86_64 1.6.1 6.87 76.16 83.03 OK
r-release-macos-x86_64 1.6.1 OK
r-release-windows-ix86+x86_64 1.6.1 13.00 90.00 103.00 OK
r-oldrel-macos-x86_64 1.6.1 OK
r-oldrel-windows-ix86+x86_64 1.6.1 11.00 110.00 121.00 OK

Check Details

Version: 1.6.1
Check: Rd cross-references
Result: NOTE
    Undeclared package ‘usethis’ in Rd xrefs
Flavor: r-devel-linux-x86_64-fedora-clang

Version: 1.6.1
Check: package dependencies
Result: ERROR
    Package required but not available: ‘ragg’
    
    See section ‘The DESCRIPTION file’ in the ‘Writing R Extensions’
    manual.
Flavor: r-patched-solaris-x86