CRAN Package Check Results for Package phonR

Last updated on 2021-03-06 03:54:49 CET.

Flavor Version Tinstall Tcheck Ttotal Status Flags
r-devel-linux-x86_64-debian-clang 1.0-7 3.19 34.65 37.84 OK
r-devel-linux-x86_64-debian-gcc 1.0-7 3.15 26.11 29.26 OK
r-devel-linux-x86_64-fedora-clang 1.0-7 54.82 NOTE
r-devel-linux-x86_64-fedora-gcc 1.0-7 44.24 OK
r-devel-windows-ix86+x86_64 1.0-7 8.00 40.00 48.00 OK
r-patched-linux-x86_64 1.0-7 OK
r-patched-solaris-x86 1.0-7 63.30 OK
r-release-linux-x86_64 1.0-7 4.51 32.27 36.78 OK
r-release-macos-x86_64 1.0-7 OK
r-release-windows-ix86+x86_64 1.0-7 5.00 54.00 59.00 OK
r-oldrel-macos-x86_64 1.0-7 OK
r-oldrel-windows-ix86+x86_64 1.0-7 4.00 37.00 41.00 OK

Check Details

Version: 1.0-7
Check: Rd cross-references
Result: NOTE
    Undeclared package ‘vowels’ in Rd xrefs
Flavor: r-devel-linux-x86_64-fedora-clang