Last updated on 2023-09-25 04:00:51 CEST.
Flavor | Version | Tinstall | Tcheck | Ttotal | Status | Flags |
---|---|---|---|---|---|---|
r-devel-linux-x86_64-debian-clang | 0.3.8 | 84.67 | 250.46 | 335.13 | NOTE | |
r-devel-linux-x86_64-debian-gcc | 0.3.8 | 58.63 | 211.19 | 269.82 | NOTE | |
r-devel-linux-x86_64-fedora-clang | 0.3.8 | 423.43 | NOTE | |||
r-devel-linux-x86_64-fedora-gcc | 0.3.8 | 428.81 | NOTE | |||
r-devel-windows-x86_64 | 0.3.8 | 67.00 | 268.00 | 335.00 | NOTE | |
r-patched-linux-x86_64 | 0.3.8 | 79.91 | 232.08 | 311.99 | OK | |
r-release-linux-x86_64 | 0.3.8 | 69.71 | 231.07 | 300.78 | OK | |
r-release-macos-arm64 | 0.3.8 | 106.00 | OK | |||
r-release-macos-x86_64 | 0.3.8 | 180.00 | NOTE | |||
r-release-windows-x86_64 | 0.3.8 | 89.00 | 318.00 | 407.00 | OK | |
r-oldrel-macos-arm64 | 0.3.8 | 91.00 | OK | |||
r-oldrel-macos-x86_64 | 0.3.8 | 133.00 | OK | |||
r-oldrel-windows-x86_64 | 0.3.8 | 83.00 | 299.00 | 382.00 | OK |
Version: 0.3.8
Check: Rd \usage sections
Result: NOTE
Documented arguments not in \usage in documentation object 'process_season':
‘d’ ‘options_season’
Functions with \usage entries need to have the appropriate \alias
entries, and all their arguments documented.
The \usage entries must correspond to syntactically valid R code.
See chapter ‘Writing R documentation files’ in the ‘Writing R
Extensions’ manual.
Flavors: r-devel-linux-x86_64-debian-clang, r-devel-linux-x86_64-debian-gcc, r-devel-linux-x86_64-fedora-clang, r-devel-linux-x86_64-fedora-gcc, r-devel-windows-x86_64
Version: 0.3.8
Check: package dependencies
Result: NOTE
Package suggested but not available for checking: ‘spam’
Flavor: r-release-macos-x86_64