CRAN Package Check Results for Package pcds

Last updated on 2020-11-29 02:46:43 CET.

Flavor Version Tinstall Tcheck Ttotal Status Flags
r-devel-linux-x86_64-debian-clang 0.1.1 51.48 263.52 315.00 OK
r-devel-linux-x86_64-debian-gcc 0.1.1 32.71 193.54 226.25 OK
r-devel-linux-x86_64-fedora-clang 0.1.1 383.78 NOTE
r-devel-linux-x86_64-fedora-gcc 0.1.1 376.97 OK
r-devel-windows-ix86+x86_64 0.1.1 49.00 244.00 293.00 OK
r-patched-linux-x86_64 0.1.1 49.63 262.20 311.83 OK
r-patched-solaris-x86 0.1.1 466.50 OK
r-release-linux-x86_64 0.1.1 49.35 254.00 303.35 OK
r-release-macos-x86_64 0.1.1 OK
r-release-windows-ix86+x86_64 0.1.1 43.00 198.00 241.00 OK
r-oldrel-macos-x86_64 0.1.1 OK
r-oldrel-windows-ix86+x86_64 0.1.1 51.00 260.00 311.00 OK

Check Details

Version: 0.1.1
Check: Rd cross-references
Result: NOTE
    Undeclared package ‘spatstat’ in Rd xrefs
Flavor: r-devel-linux-x86_64-fedora-clang