CRAN Package Check Results for Package pcFactorStan

Last updated on 2020-09-22 03:49:33 CEST.

Flavor Version Tinstall Tcheck Ttotal Status Flags
r-devel-linux-x86_64-debian-clang 1.5.2 1041.28 220.53 1261.81 NOTE
r-devel-linux-x86_64-debian-gcc 1.5.2 0.48 2.37 2.85 ERROR
r-devel-linux-x86_64-fedora-clang 1.5.2 1964.83 NOTE
r-devel-linux-x86_64-fedora-gcc 1.5.2 2010.32 NOTE
r-devel-windows-ix86+x86_64 1.5.2 2383.00 519.00 2902.00 NOTE
r-patched-linux-x86_64 1.5.2 905.47 273.73 1179.20 NOTE
r-patched-solaris-x86 1.5.2 1558.90 NOTE
r-release-linux-x86_64 1.5.2 941.01 271.31 1212.32 NOTE
r-release-macos-x86_64 1.5.2 NOTE
r-release-windows-ix86+x86_64 1.5.2 1479.00 521.00 2000.00 NOTE
r-oldrel-macos-x86_64 1.5.2 NOTE
r-oldrel-windows-ix86+x86_64 1.5.2 1351.00 426.00 1777.00 NOTE

Check Details

Version: 1.5.2
Check: for GNU extensions in Makefiles
Result: NOTE
    GNU make is a SystemRequirements.
Flavors: r-devel-linux-x86_64-debian-clang, r-devel-linux-x86_64-fedora-clang, r-devel-linux-x86_64-fedora-gcc, r-devel-windows-ix86+x86_64, r-patched-linux-x86_64, r-patched-solaris-x86, r-release-linux-x86_64, r-release-macos-x86_64, r-release-windows-ix86+x86_64, r-oldrel-macos-x86_64, r-oldrel-windows-ix86+x86_64

Version: 1.5.2
Check: whether package can be installed
Result: ERROR
    Installation failed.
Flavor: r-devel-linux-x86_64-debian-gcc

Version: 1.5.2
Check: installed package size
Result: NOTE
     installed size is 172.9Mb
     sub-directories of 1Mb or more:
     doc 2.9Mb
     libs 169.3Mb
Flavors: r-devel-linux-x86_64-fedora-clang, r-devel-windows-ix86+x86_64, r-patched-solaris-x86, r-release-macos-x86_64, r-release-windows-ix86+x86_64, r-oldrel-macos-x86_64, r-oldrel-windows-ix86+x86_64