CRAN Package Check Results for Package pbo

Last updated on 2021-04-21 03:49:09 CEST.

Flavor Version Tinstall Tcheck Ttotal Status Flags
r-devel-linux-x86_64-debian-clang 1.3.4 2.48 37.11 39.59 NOTE
r-devel-linux-x86_64-debian-gcc 1.3.4 1.93 28.38 30.31 NOTE
r-devel-linux-x86_64-fedora-clang 1.3.4 59.42 NOTE
r-devel-linux-x86_64-fedora-gcc 1.3.4 46.68 NOTE
r-devel-windows-ix86+x86_64 1.3.4 7.00 42.00 49.00 NOTE
r-devel-windows-x86_64-gcc10-UCRT 1.3.4 NOTE
r-patched-linux-x86_64 1.3.4 2.88 34.95 37.83 WARN
r-patched-solaris-x86 1.3.4 85.30 NOTE
r-release-linux-x86_64 1.3.4 2.39 35.09 37.48 NOTE
r-release-macos-x86_64 1.3.4 NOTE
r-release-windows-ix86+x86_64 1.3.4 6.00 53.00 59.00 NOTE
r-oldrel-macos-x86_64 1.3.4 NOTE
r-oldrel-windows-ix86+x86_64 1.3.4 4.00 53.00 57.00 NOTE

Check Details

Version: 1.3.4
Check: dependencies in R code
Result: NOTE
    'library' or 'require' call to 'foreach' in package code.
     Please use :: or requireNamespace() instead.
     See section 'Suggested packages' in the 'Writing R Extensions' manual.
Flavors: r-devel-linux-x86_64-debian-clang, r-devel-linux-x86_64-debian-gcc, r-devel-linux-x86_64-fedora-clang, r-devel-linux-x86_64-fedora-gcc, r-devel-windows-ix86+x86_64, r-devel-windows-x86_64-gcc10-UCRT, r-patched-linux-x86_64, r-patched-solaris-x86, r-release-linux-x86_64, r-release-macos-x86_64, r-release-windows-ix86+x86_64, r-oldrel-macos-x86_64, r-oldrel-windows-ix86+x86_64

Version: 1.3.4
Check: R code for possible problems
Result: NOTE
    dotplot.pbo: no visible global function definition for 'reorder'
    pbo: no visible global function definition for '%dopar%'
    pbo: no visible global function definition for 'foreach'
    pbo: no visible global function definition for 'lm'
    xyplot.pbo: no visible global function definition for 'ecdf'
    xyplot.pbo: no visible global function definition for 'doubleYScale'
    xyplot.pbo: no visible global function definition for 'reorder'
    Undefined global functions or variables:
     %dopar% doubleYScale ecdf foreach lm reorder
    Consider adding
     importFrom("stats", "ecdf", "lm", "reorder")
    to your NAMESPACE file.
Flavors: r-devel-linux-x86_64-debian-clang, r-devel-linux-x86_64-debian-gcc, r-devel-linux-x86_64-fedora-clang, r-devel-linux-x86_64-fedora-gcc, r-devel-windows-ix86+x86_64, r-devel-windows-x86_64-gcc10-UCRT, r-patched-linux-x86_64, r-patched-solaris-x86, r-release-linux-x86_64, r-release-macos-x86_64, r-release-windows-ix86+x86_64, r-oldrel-macos-x86_64, r-oldrel-windows-ix86+x86_64

Version: 1.3.4
Check: whether package can be installed
Result: WARN
    Found the following significant warnings:
     Rd warning: /tmp/RtmpY634nu/R.INSTALL75da16ea76ce/pbo/man/dotplot.pbo.Rd:16: file link ‘dotplot’ in package ‘lattice’ does not exist and so has been treated as a topic
     Rd warning: /tmp/RtmpY634nu/R.INSTALL75da16ea76ce/pbo/man/dotplot.pbo.Rd:19: file link ‘dotplot’ in package ‘lattice’ does not exist and so has been treated as a topic
     Rd warning: /tmp/RtmpY634nu/R.INSTALL75da16ea76ce/pbo/man/dotplot.pbo.Rd:22: file link ‘dotplot’ in package ‘lattice’ does not exist and so has been treated as a topic
     Rd warning: /tmp/RtmpY634nu/R.INSTALL75da16ea76ce/pbo/man/dotplot.pbo.Rd:32: file link ‘dotplot’ in package ‘lattice’ does not exist and so has been treated as a topic
     Rd warning: /tmp/RtmpY634nu/R.INSTALL75da16ea76ce/pbo/man/histogram.pbo.Rd:29: file link ‘densityplot’ in package ‘lattice’ does not exist and so has been treated as a topic
     Rd warning: /tmp/RtmpY634nu/R.INSTALL75da16ea76ce/pbo/man/histogram.pbo.Rd:29: file link ‘panel.abline’ in package ‘lattice’ does not exist and so has been treated as a topic
     Rd warning: /tmp/RtmpY634nu/R.INSTALL75da16ea76ce/pbo/man/histogram.pbo.Rd:36: file link ‘densityplot’ in package ‘lattice’ does not exist and so has been treated as a topic
     Rd warning: /tmp/RtmpY634nu/R.INSTALL75da16ea76ce/pbo/man/histogram.pbo.Rd:37: file link ‘panel.abline’ in package ‘lattice’ does not exist and so has been treated as a topic
Flavor: r-patched-linux-x86_64