CRAN Package Check Results for Package pbivnorm

Last updated on 2020-12-02 02:52:01 CET.

Flavor Version Tinstall Tcheck Ttotal Status Flags
r-devel-linux-x86_64-debian-clang 0.6.0 2.97 21.44 24.41 OK
r-devel-linux-x86_64-debian-gcc 0.6.0 2.02 17.39 19.41 OK
r-devel-linux-x86_64-fedora-clang 0.6.0 34.04 NOTE
r-devel-linux-x86_64-fedora-gcc 0.6.0 24.20 NOTE
r-devel-windows-ix86+x86_64 0.6.0 7.00 29.00 36.00 OK
r-patched-linux-x86_64 0.6.0 2.40 21.53 23.93 OK
r-patched-solaris-x86 0.6.0 40.40 OK
r-release-linux-x86_64 0.6.0 2.18 20.24 22.42 OK
r-release-macos-x86_64 0.6.0 OK
r-release-windows-ix86+x86_64 0.6.0 6.00 28.00 34.00 OK
r-oldrel-macos-x86_64 0.6.0 OK
r-oldrel-windows-ix86+x86_64 0.6.0 8.00 50.00 58.00 OK

Check Details

Version: 0.6.0
Check: compiled code
Result: NOTE
    File ‘pbivnorm/libs/pbivnorm.so’:
     Found no calls to: ‘R_registerRoutines’, ‘R_useDynamicSymbols’
    
    It is good practice to register native routines and to disable symbol
    search.
    
    See ‘Writing portable packages’ in the ‘Writing R Extensions’ manual.
Flavors: r-devel-linux-x86_64-fedora-clang, r-devel-linux-x86_64-fedora-gcc