CRAN Package Check Results for Package pairwise

Last updated on 2020-09-22 03:49:33 CEST.

Flavor Version Tinstall Tcheck Ttotal Status Flags
r-devel-linux-x86_64-debian-clang 0.4.5-1 6.26 75.73 81.99 OK
r-devel-linux-x86_64-debian-gcc 0.4.5-1 0.39 2.41 2.80 ERROR
r-devel-linux-x86_64-fedora-clang 0.4.5-1 107.39 OK
r-devel-linux-x86_64-fedora-gcc 0.4.5-1 98.80 OK
r-devel-windows-ix86+x86_64 0.4.5-1 12.00 83.00 95.00 OK
r-patched-linux-x86_64 0.4.5-1 5.94 73.46 79.40 OK
r-patched-solaris-x86 0.4.5-1 153.40 OK
r-release-linux-x86_64 0.4.5-1 7.24 73.78 81.02 OK
r-release-macos-x86_64 0.4.5-1 OK
r-release-windows-ix86+x86_64 0.4.5-1 10.00 79.00 89.00 OK
r-oldrel-macos-x86_64 0.4.5-1 OK
r-oldrel-windows-ix86+x86_64 0.4.5-1 8.00 94.00 102.00 OK

Check Details

Version: 0.4.5-1
Check: whether package can be installed
Result: ERROR
    Installation failed.
Flavor: r-devel-linux-x86_64-debian-gcc